CRAN Package Check Results for Package ABACUS

Last updated on 2024-06-18 10:54:56 CEST.

Flavor Version Tinstall Tcheck Ttotal Status Flags
r-devel-linux-x86_64-debian-clang 1.0.0 4.34 59.00 63.34 NOTE
r-devel-linux-x86_64-debian-gcc 1.0.0 5.14 45.87 51.01 NOTE
r-devel-linux-x86_64-fedora-clang 1.0.0 83.14 NOTE
r-devel-linux-x86_64-fedora-gcc 1.0.0 90.13 NOTE
r-devel-windows-x86_64 1.0.0 8.00 78.00 86.00 NOTE
r-patched-linux-x86_64 1.0.0 5.32 59.45 64.77 NOTE
r-release-linux-x86_64 1.0.0 5.32 58.74 64.06 NOTE
r-release-macos-arm64 1.0.0 35.00 NOTE
r-release-macos-x86_64 1.0.0 55.00 NOTE
r-release-windows-x86_64 1.0.0 8.00 70.00 78.00 NOTE
r-oldrel-macos-arm64 1.0.0 35.00 NOTE
r-oldrel-macos-x86_64 1.0.0 53.00 NOTE
r-oldrel-windows-x86_64 1.0.0 9.00 74.00 83.00 NOTE

Check Details

Version: 1.0.0
Check: LazyData
Result: NOTE 'LazyData' is specified without a 'data' directory Flavors: r-devel-linux-x86_64-debian-clang, r-devel-linux-x86_64-debian-gcc, r-devel-linux-x86_64-fedora-clang, r-devel-linux-x86_64-fedora-gcc, r-devel-windows-x86_64, r-patched-linux-x86_64, r-release-linux-x86_64, r-release-macos-arm64, r-release-macos-x86_64, r-release-windows-x86_64, r-oldrel-macos-arm64, r-oldrel-macos-x86_64, r-oldrel-windows-x86_64