CRAN Package Check Results for Package ABC.RAP

Last updated on 2021-08-05 18:52:38 CEST.

Flavor Version Tinstall Tcheck Ttotal Status Flags
r-devel-linux-x86_64-debian-clang 0.9.0 2.21 62.97 65.18 OK
r-devel-linux-x86_64-debian-gcc 0.9.0 1.77 48.70 50.47 OK
r-devel-linux-x86_64-fedora-clang 0.9.0 92.39 OK
r-devel-linux-x86_64-fedora-gcc 0.9.0 76.41 OK
r-devel-windows-x86_64 0.9.0 4.00 96.00 100.00 OK
r-devel-windows-x86_64-gcc10-UCRT 0.9.0 OK
r-patched-linux-x86_64 0.9.0 2.43 64.12 66.55 OK
r-patched-solaris-x86 0.9.0 114.80 OK
r-release-linux-x86_64 0.9.0 2.41 64.04 66.45 OK
r-release-macos-arm64 0.9.0 WARN
r-release-macos-x86_64 0.9.0 OK
r-release-windows-ix86+x86_64 0.9.0 5.00 86.00 91.00 OK
r-oldrel-macos-x86_64 0.9.0 OK
r-oldrel-windows-ix86+x86_64 0.9.0 4.00 89.00 93.00 OK

Check Details

Version: 0.9.0
Check: re-building of vignette outputs
Result: WARN
    Error(s) in re-building vignettes:
     ...
    --- re-building ‘ABC.RAP.Rmd’ using rmarkdown
    Warning in engine$weave(file, quiet = quiet, encoding = enc) :
     Pandoc (>= 1.12.3) not available. Falling back to R Markdown v1.
    Error: processing vignette 'ABC.RAP.Rmd' failed with diagnostics:
    there is no package called 'stringi'
    --- failed re-building ‘ABC.RAP.Rmd’
    
    SUMMARY: processing the following file failed:
     ‘ABC.RAP.Rmd’
    
    Error: Vignette re-building failed.
    Execution halted
Flavor: r-release-macos-arm64