CRAN Package Check Results for Package ACEt

Last updated on 2021-09-22 01:48:27 CEST.

Flavor Version Tinstall Tcheck Ttotal Status Flags
r-devel-linux-x86_64-debian-clang 1.8.1 91.15 48.12 139.27 OK
r-devel-linux-x86_64-debian-gcc 1.8.1 62.49 36.44 98.93 OK
r-devel-linux-x86_64-fedora-clang 1.8.1 205.48 NOTE
r-devel-linux-x86_64-fedora-gcc 1.8.1 169.89 OK
r-devel-windows-x86_64 1.8.1 76.00 59.00 135.00 OK
r-devel-windows-x86_64-gcc10-UCRT 1.8.1 ERROR
r-patched-linux-x86_64 1.8.1 67.99 47.16 115.15 OK
r-patched-solaris-x86 1.8.1 176.40 OK
r-release-linux-x86_64 1.8.1 74.40 48.28 122.68 OK
r-release-macos-arm64 1.8.1 NOTE
r-release-macos-x86_64 1.8.1 NOTE
r-release-windows-ix86+x86_64 1.8.1 191.00 106.00 297.00 OK
r-oldrel-macos-x86_64 1.8.1 NOTE
r-oldrel-windows-ix86+x86_64 1.8.1 192.00 75.00 267.00 OK

Check Details

Version: 1.8.1
Check: installed package size
Result: NOTE
     installed size is 5.5Mb
     sub-directories of 1Mb or more:
     libs 5.2Mb
Flavors: r-devel-linux-x86_64-fedora-clang, r-release-macos-arm64, r-release-macos-x86_64, r-oldrel-macos-x86_64

Version: 1.8.1
Check: whether package can be installed
Result: ERROR
    Installation failed.
Flavor: r-devel-windows-x86_64-gcc10-UCRT