CRAN Package Check Results for Package ACNE

Last updated on 2021-07-26 16:49:00 CEST.

Flavor Version Tinstall Tcheck Ttotal Status Flags
r-devel-linux-x86_64-debian-clang 0.8.1 6.80 64.55 71.35 OK
r-devel-linux-x86_64-debian-gcc 0.8.1 5.97 49.02 54.99 OK
r-devel-linux-x86_64-fedora-clang 0.8.1 98.66 OK
r-devel-linux-x86_64-fedora-gcc 0.8.1 85.84 OK
r-devel-windows-x86_64 0.8.1 11.00 86.00 97.00 OK
r-devel-windows-x86_64-gcc10-UCRT 0.8.1 OK
r-patched-linux-x86_64 0.8.1 12.78 62.75 75.53 OK
r-patched-solaris-x86 0.8.1 118.80 OK
r-release-linux-x86_64 0.8.1 6.86 67.49 74.35 OK
r-release-macos-arm64 0.8.1 ERROR
r-release-macos-x86_64 0.8.1 OK
r-release-windows-ix86+x86_64 0.8.1 15.00 75.00 90.00 OK
r-oldrel-macos-x86_64 0.8.1 OK
r-oldrel-windows-ix86+x86_64 0.8.1 13.00 96.00 109.00 OK

Check Details

Version: 0.8.1
Check: package dependencies
Result: ERROR
    Packages required but not available: 'aroma.affymetrix', 'aroma.core'
    
    See section ‘The DESCRIPTION file’ in the ‘Writing R Extensions’
    manual.
Flavor: r-release-macos-arm64