CRAN Package Check Results for Package ADGofTest

Last updated on 2021-07-28 04:51:49 CEST.

Flavor Version Tinstall Tcheck Ttotal Status Flags
r-devel-linux-x86_64-debian-clang 0.3 NOTE
r-devel-linux-x86_64-debian-gcc 0.3 1.49 15.53 17.02 NOTE
r-devel-linux-x86_64-fedora-clang 0.3 36.27 NOTE
r-devel-linux-x86_64-fedora-gcc 0.3 23.95 NOTE
r-devel-windows-x86_64 0.3 6.00 24.00 30.00 NOTE
r-devel-windows-x86_64-gcc10-UCRT 0.3 NOTE
r-patched-linux-x86_64 0.3 1.79 11.68 13.47 NOTE
r-patched-solaris-x86 0.3 39.40 NOTE
r-release-linux-x86_64 0.3 1.46 11.36 12.82 NOTE
r-release-macos-arm64 0.3 NOTE
r-release-macos-x86_64 0.3 NOTE
r-release-windows-ix86+x86_64 0.3 4.00 23.00 27.00 NOTE
r-oldrel-macos-x86_64 0.3 NOTE
r-oldrel-windows-ix86+x86_64 0.3 4.00 30.00 34.00 NOTE

Check Details

Version: 0.3
Check: DESCRIPTION meta-information
Result: NOTE
    Malformed Description field: should contain one or more complete sentences.
Flavors: r-devel-linux-x86_64-debian-clang, r-devel-linux-x86_64-debian-gcc, r-devel-linux-x86_64-fedora-clang, r-devel-linux-x86_64-fedora-gcc, r-devel-windows-x86_64, r-devel-windows-x86_64-gcc10-UCRT, r-patched-linux-x86_64, r-patched-solaris-x86, r-release-linux-x86_64, r-release-macos-arm64, r-release-macos-x86_64, r-release-windows-ix86+x86_64, r-oldrel-macos-x86_64, r-oldrel-windows-ix86+x86_64