CRAN Package Check Results for Package ADPclust

Last updated on 2021-07-29 10:52:47 CEST.

Flavor Version Tinstall Tcheck Ttotal Status Flags
r-devel-linux-x86_64-debian-clang 0.7 OK
r-devel-linux-x86_64-debian-gcc 0.7 2.45 45.18 47.63 OK
r-devel-linux-x86_64-fedora-clang 0.7 91.10 NOTE
r-devel-linux-x86_64-fedora-gcc 0.7 79.75 NOTE
r-devel-windows-x86_64 0.7 22.00 80.00 102.00 OK
r-devel-windows-x86_64-gcc10-UCRT 0.7 NOTE
r-patched-linux-x86_64 0.7 3.49 63.50 66.99 OK
r-patched-solaris-x86 0.7 135.80 NOTE
r-release-linux-x86_64 0.7 3.11 69.40 72.51 OK
r-release-macos-arm64 0.7 NOTE
r-release-macos-x86_64 0.7 NOTE
r-release-windows-ix86+x86_64 0.7 7.00 92.00 99.00 OK
r-oldrel-macos-x86_64 0.7 NOTE
r-oldrel-windows-ix86+x86_64 0.7 6.00 94.00 100.00 OK

Check Details

Version: 0.7
Check: dependencies in R code
Result: NOTE
    Namespaces in Imports field not imported from:
     ‘fields’ ‘knitr’
     All declared Imports should be used.
Flavors: r-devel-linux-x86_64-fedora-clang, r-devel-linux-x86_64-fedora-gcc, r-devel-windows-x86_64-gcc10-UCRT, r-patched-solaris-x86, r-release-macos-arm64, r-release-macos-x86_64, r-oldrel-macos-x86_64