CRAN Package Check Results for Package AEP

Last updated on 2024-06-22 10:49:01 CEST.

Flavor Version Tinstall Tcheck Ttotal Status Flags
r-devel-linux-x86_64-debian-clang 0.1.4 2.65 15.31 17.96 NOTE
r-devel-linux-x86_64-debian-gcc 0.1.4 1.87 12.44 14.31 NOTE
r-devel-linux-x86_64-fedora-clang 0.1.4 37.70 NOTE
r-devel-linux-x86_64-fedora-gcc 0.1.4 35.79 NOTE
r-devel-windows-x86_64 0.1.4 3.00 42.00 45.00 NOTE
r-patched-linux-x86_64 0.1.4 3.58 21.37 24.95 NOTE
r-release-linux-x86_64 0.1.4 3.26 15.02 18.28 NOTE
r-release-macos-arm64 0.1.4 16.00 NOTE
r-release-macos-x86_64 0.1.4 22.00 NOTE
r-release-windows-x86_64 0.1.4 4.00 42.00 46.00 NOTE
r-oldrel-macos-arm64 0.1.4 17.00 OK
r-oldrel-macos-x86_64 0.1.4 22.00 OK
r-oldrel-windows-x86_64 0.1.4 4.00 41.00 45.00 OK

Check Details

Version: 0.1.4
Check: Rd files
Result: NOTE checkRd: (-1) fitaep.Rd:14: Lost braces 14 | \item A sequence of goodness-of-fit measures consist of Akaike Information Criterion (\code{AIC}), Consistent Akaike Information Criterion (\code{CAIC}), Bayesian Information Criterion (\code{BIC}), Hannan-Quinn information criterion (\code{HQIC}), Anderson-Darling (\code{AD}), Cram\'{e}er-von Misses (\code{CVM}), Kolmogorov-Smirnov (\code{KS}), and log-likelihood (\code{log-likelihood}) statistics. | ^ Flavors: r-devel-linux-x86_64-debian-clang, r-devel-linux-x86_64-debian-gcc, r-devel-linux-x86_64-fedora-clang, r-devel-linux-x86_64-fedora-gcc, r-devel-windows-x86_64, r-patched-linux-x86_64, r-release-linux-x86_64, r-release-macos-arm64, r-release-macos-x86_64, r-release-windows-x86_64