CRAN Package Check Results for Package AGread

Last updated on 2021-08-05 04:55:37 CEST.

Flavor Version Tinstall Tcheck Ttotal Status Flags
r-devel-linux-x86_64-debian-clang 1.1.1 119.18 62.33 181.51 OK
r-devel-linux-x86_64-debian-gcc 1.1.1 75.12 47.13 122.25 OK
r-devel-linux-x86_64-fedora-clang 1.1.1 276.92 NOTE
r-devel-linux-x86_64-fedora-gcc 1.1.1 230.79 OK
r-devel-windows-x86_64 1.1.1 137.00 97.00 234.00 OK
r-devel-windows-x86_64-gcc10-UCRT 1.1.1 ERROR
r-patched-linux-x86_64 1.1.1 88.73 62.17 150.90 OK
r-patched-solaris-x86 1.1.1 210.80 OK
r-release-linux-x86_64 1.1.1 89.74 61.22 150.96 OK
r-release-macos-arm64 1.1.1 NOTE
r-release-macos-x86_64 1.1.1 OK
r-release-windows-ix86+x86_64 1.1.1 259.00 137.00 396.00 OK
r-oldrel-macos-x86_64 1.1.1 OK
r-oldrel-windows-ix86+x86_64 1.1.1 261.00 138.00 399.00 OK

Additional issues

clang-UBSAN

Check Details

Version: 1.1.1
Check: installed package size
Result: NOTE
     installed size is 5.2Mb
     sub-directories of 1Mb or more:
     libs 3.8Mb
Flavors: r-devel-linux-x86_64-fedora-clang, r-release-macos-arm64

Version: 1.1.1
Check: package dependencies
Result: ERROR
    Packages required but not available: 'dplyr', 'GGIR', 'PAutilities'
    
    Package suggested but not available for checking: 'testthat'
    
    See section 'The DESCRIPTION file' in the 'Writing R Extensions'
    manual.
Flavor: r-devel-windows-x86_64-gcc10-UCRT