CRAN Package Check Results for Package AHM

Last updated on 2024-06-13 06:57:54 CEST.

Flavor Version Tinstall Tcheck Ttotal Status Flags
r-devel-linux-x86_64-debian-clang 1.0.1 19.21 117.36 136.57 OK
r-devel-linux-x86_64-debian-gcc 1.0.1 0.28 1.74 2.02 ERROR
r-devel-linux-x86_64-fedora-clang 1.0.1 172.77 NOTE
r-devel-linux-x86_64-fedora-gcc 1.0.1 176.65 NOTE
r-devel-windows-x86_64 1.0.1 17.00 116.00 133.00 OK
r-patched-linux-x86_64 1.0.1 12.24 115.09 127.33 OK
r-release-linux-x86_64 1.0.1 11.77 119.54 131.31 OK
r-release-macos-arm64 1.0.1 55.00 OK
r-release-macos-x86_64 1.0.1 89.00 OK
r-release-windows-x86_64 1.0.1 16.00 116.00 132.00 OK
r-oldrel-macos-arm64 1.0.1 62.00 OK
r-oldrel-macos-x86_64 1.0.1 96.00 OK
r-oldrel-windows-x86_64 1.0.1 22.00 119.00 141.00 OK

Check Details

Version: 1.0.1
Check: package dependencies
Result: ERROR Packages required but not available: 'devtools', 'dplyr', 'tibble', 'tidyr' See section ‘The DESCRIPTION file’ in the ‘Writing R Extensions’ manual. Flavor: r-devel-linux-x86_64-debian-gcc

Version: 1.0.1
Check: dependencies in R code
Result: NOTE Namespaces in Imports field not imported from: ‘devtools’ ‘mixexp’ All declared Imports should be used. Flavors: r-devel-linux-x86_64-fedora-clang, r-devel-linux-x86_64-fedora-gcc