Last updated on 2025-01-14 03:49:19 CET.
Flavor | Version | Tinstall | Tcheck | Ttotal | Status | Flags |
---|---|---|---|---|---|---|
r-devel-linux-x86_64-debian-clang | 1.0.1 | 14.67 | 96.12 | 110.79 | OK | |
r-devel-linux-x86_64-debian-gcc | 1.0.1 | 11.27 | 67.84 | 79.11 | OK | |
r-devel-linux-x86_64-fedora-clang | 1.0.1 | 177.72 | NOTE | |||
r-devel-linux-x86_64-fedora-gcc | 1.0.1 | 187.30 | NOTE | |||
r-devel-windows-x86_64 | 1.0.1 | 16.00 | 99.00 | 115.00 | OK | |
r-patched-linux-x86_64 | 1.0.1 | 14.69 | 89.44 | 104.13 | OK | |
r-release-linux-x86_64 | 1.0.1 | 16.30 | 87.87 | 104.17 | OK | |
r-release-macos-arm64 | 1.0.1 | 55.00 | OK | |||
r-release-macos-x86_64 | 1.0.1 | 89.00 | OK | |||
r-release-windows-x86_64 | 1.0.1 | 18.00 | 107.00 | 125.00 | OK | |
r-oldrel-macos-arm64 | 1.0.1 | 62.00 | OK | |||
r-oldrel-macos-x86_64 | 1.0.1 | 96.00 | OK | |||
r-oldrel-windows-x86_64 | 1.0.1 | 23.00 | 121.00 | 144.00 | OK |
Version: 1.0.1
Check: dependencies in R code
Result: NOTE
Namespaces in Imports field not imported from:
‘devtools’ ‘mixexp’
All declared Imports should be used.
Flavors: r-devel-linux-x86_64-fedora-clang, r-devel-linux-x86_64-fedora-gcc