CRAN Package Check Results for Package AICcmodavg

Last updated on 2021-07-29 10:52:47 CEST.

Flavor Version Tinstall Tcheck Ttotal Status Flags
r-devel-linux-x86_64-debian-clang 2.3-1 OK
r-devel-linux-x86_64-debian-gcc 2.3-1 69.69 321.34 391.03 OK
r-devel-linux-x86_64-fedora-clang 2.3-1 633.46 NOTE
r-devel-linux-x86_64-fedora-gcc 2.3-1 618.58 OK
r-devel-windows-x86_64 2.3-1 85.00 387.00 472.00 OK
r-devel-windows-x86_64-gcc10-UCRT 2.3-1 NOTE
r-patched-linux-x86_64 2.3-1 81.25 427.81 509.06 OK
r-patched-solaris-x86 2.3-1 656.90 NOTE
r-release-linux-x86_64 2.3-1 71.76 423.09 494.85 OK
r-release-macos-arm64 2.3-1 NOTE
r-release-macos-x86_64 2.3-1 OK
r-release-windows-ix86+x86_64 2.3-1 133.00 326.00 459.00 OK
r-oldrel-macos-x86_64 2.3-1 OK
r-oldrel-windows-ix86+x86_64 2.3-1 105.00 458.00 563.00 OK

Check Details

Version: 2.3-1
Check: Rd cross-references
Result: NOTE
    Undeclared packages ‘multcomp’, ‘gmodels’ in Rd xrefs
Flavor: r-devel-linux-x86_64-fedora-clang

Version: 2.3-1
Check: package dependencies
Result: NOTE
    Package suggested but not available for checking: 'glmmTMB'
Flavors: r-devel-windows-x86_64-gcc10-UCRT, r-patched-solaris-x86

Version: 2.3-1
Check: package dependencies
Result: NOTE
    Packages suggested but not available for checking: 'R2jags', 'jagsUI'
Flavor: r-release-macos-arm64