CRAN Package Check Results for Package AIPW

Last updated on 2021-07-24 19:50:09 CEST.

Flavor Version Tinstall Tcheck Ttotal Status Flags
r-devel-linux-x86_64-debian-clang 0.6.3.2 6.22 64.49 70.71 OK
r-devel-linux-x86_64-debian-gcc 0.6.3.2 5.14 47.63 52.77 OK
r-devel-linux-x86_64-fedora-clang 0.6.3.2 92.66 NOTE
r-devel-linux-x86_64-fedora-gcc 0.6.3.2 82.01 NOTE
r-devel-windows-x86_64 0.6.3.2 7.00 65.00 72.00 OK
r-devel-windows-x86_64-gcc10-UCRT 0.6.3.2 NOTE
r-patched-linux-x86_64 0.6.3.2 9.88 60.10 69.98 OK
r-patched-solaris-x86 0.6.3.2 113.40 NOTE
r-release-linux-x86_64 0.6.3.2 5.37 60.79 66.16 OK
r-release-macos-arm64 0.6.3.2 NOTE
r-release-macos-x86_64 0.6.3.2 NOTE
r-release-windows-ix86+x86_64 0.6.3.2 11.00 64.00 75.00 OK
r-oldrel-macos-x86_64 0.6.3.2 NOTE
r-oldrel-windows-ix86+x86_64 0.6.3.2 12.00 92.00 104.00 OK

Check Details

Version: 0.6.3.2
Check: dependencies in R code
Result: NOTE
    Namespaces in Imports field not imported from:
     ‘Rsolnp’ ‘SuperLearner’ ‘future.apply’ ‘ggplot2’ ‘progressr’ ‘stats’
     ‘utils’
     All declared Imports should be used.
Flavors: r-devel-linux-x86_64-fedora-clang, r-devel-linux-x86_64-fedora-gcc, r-devel-windows-x86_64-gcc10-UCRT, r-patched-solaris-x86, r-release-macos-arm64, r-release-macos-x86_64, r-oldrel-macos-x86_64