CRAN Package Check Results for Package AIPW

Last updated on 2021-10-16 19:52:10 CEST.

Flavor Version Tinstall Tcheck Ttotal Status Flags
r-devel-linux-x86_64-debian-clang 0.6.3.2 5.62 64.84 70.46 OK
r-devel-linux-x86_64-debian-gcc 0.6.3.2 4.76 48.79 53.55 OK
r-devel-linux-x86_64-fedora-clang 0.6.3.2 97.95 NOTE
r-devel-linux-x86_64-fedora-gcc 0.6.3.2 83.95 NOTE
r-devel-windows-x86_64 0.6.3.2 12.00 86.00 98.00 OK
r-devel-windows-x86_64-gcc10-UCRT 0.6.3.2 NOTE
r-patched-linux-x86_64 0.6.3.2 11.00 60.78 71.78 OK
r-patched-solaris-x86 0.6.3.2 95.60 NOTE
r-release-linux-x86_64 0.6.3.2 5.29 63.35 68.64 OK
r-release-macos-arm64 0.6.3.2 NOTE
r-release-macos-x86_64 0.6.3.2 NOTE
r-release-windows-ix86+x86_64 0.6.3.2 11.00 94.00 105.00 OK
r-oldrel-macos-x86_64 0.6.3.2 NOTE
r-oldrel-windows-ix86+x86_64 0.6.3.2 11.00 93.00 104.00 OK

Check Details

Version: 0.6.3.2
Check: dependencies in R code
Result: NOTE
    Namespaces in Imports field not imported from:
     ‘Rsolnp’ ‘SuperLearner’ ‘future.apply’ ‘ggplot2’ ‘progressr’ ‘stats’
     ‘utils’
     All declared Imports should be used.
Flavors: r-devel-linux-x86_64-fedora-clang, r-devel-linux-x86_64-fedora-gcc, r-devel-windows-x86_64-gcc10-UCRT, r-patched-solaris-x86, r-release-macos-arm64, r-release-macos-x86_64, r-oldrel-macos-x86_64