CRAN Package Check Results for Package ALTopt

Last updated on 2021-11-27 00:51:23 CET.

Flavor Version Tinstall Tcheck Ttotal Status Flags
r-devel-linux-x86_64-debian-clang 0.1.2 3.48 27.77 31.25 NOTE
r-devel-linux-x86_64-debian-gcc 0.1.2 2.47 22.09 24.56 NOTE
r-devel-linux-x86_64-fedora-clang 0.1.2 48.99 NOTE
r-devel-linux-x86_64-fedora-gcc 0.1.2 37.93 NOTE
r-devel-windows-x86_64-new-UL 0.1.2 9.00 62.00 71.00 NOTE
r-devel-windows-x86_64-new-TK 0.1.2 NOTE
r-devel-windows-x86_64-old 0.1.2 4.00 46.00 50.00 NOTE
r-patched-linux-x86_64 0.1.2 3.38 27.09 30.47 NOTE
r-patched-solaris-x86 0.1.2 55.50 NOTE
r-release-linux-x86_64 0.1.2 NOTE
r-release-macos-arm64 0.1.2 NOTE
r-release-macos-x86_64 0.1.2 NOTE
r-release-windows-ix86+x86_64 0.1.2 7.00 33.00 40.00 NOTE
r-oldrel-macos-x86_64 0.1.2 OK
r-oldrel-windows-ix86+x86_64 0.1.2 7.00 49.00 56.00 OK

Check Details

Version: 0.1.2
Check: LazyData
Result: NOTE
     'LazyData' is specified without a 'data' directory
Flavors: r-devel-linux-x86_64-debian-clang, r-devel-linux-x86_64-debian-gcc, r-devel-linux-x86_64-fedora-clang, r-devel-linux-x86_64-fedora-gcc, r-devel-windows-x86_64-new-UL, r-devel-windows-x86_64-new-TK, r-devel-windows-x86_64-old, r-patched-linux-x86_64, r-patched-solaris-x86, r-release-linux-x86_64, r-release-macos-arm64, r-release-macos-x86_64, r-release-windows-ix86+x86_64