CRAN Package Check Results for Package ALTopt

Last updated on 2021-07-27 22:53:31 CEST.

Flavor Version Tinstall Tcheck Ttotal Status Flags
r-devel-linux-x86_64-debian-clang 0.1.2 3.58 29.32 32.90 NOTE
r-devel-linux-x86_64-debian-gcc 0.1.2 2.67 23.15 25.82 NOTE
r-devel-linux-x86_64-fedora-clang 0.1.2 51.39 NOTE
r-devel-linux-x86_64-fedora-gcc 0.1.2 38.21 NOTE
r-devel-windows-x86_64 0.1.2 5.00 47.00 52.00 NOTE
r-devel-windows-x86_64-gcc10-UCRT 0.1.2 NOTE
r-patched-linux-x86_64 0.1.2 3.73 30.04 33.77 NOTE
r-patched-solaris-x86 0.1.2 57.20 NOTE
r-release-linux-x86_64 0.1.2 3.42 29.74 33.16 NOTE
r-release-macos-arm64 0.1.2 NOTE
r-release-macos-x86_64 0.1.2 NOTE
r-release-windows-ix86+x86_64 0.1.2 6.00 40.00 46.00 NOTE
r-oldrel-macos-x86_64 0.1.2 OK
r-oldrel-windows-ix86+x86_64 0.1.2 4.00 49.00 53.00 OK

Check Details

Version: 0.1.2
Check: LazyData
Result: NOTE
     'LazyData' is specified without a 'data' directory
Flavors: r-devel-linux-x86_64-debian-clang, r-devel-linux-x86_64-debian-gcc, r-devel-linux-x86_64-fedora-clang, r-devel-linux-x86_64-fedora-gcc, r-devel-windows-x86_64, r-devel-windows-x86_64-gcc10-UCRT, r-patched-linux-x86_64, r-patched-solaris-x86, r-release-linux-x86_64, r-release-macos-arm64, r-release-macos-x86_64, r-release-windows-ix86+x86_64