CRAN Package Check Results for Package ALassoSurvIC

Last updated on 2021-09-23 10:53:11 CEST.

Flavor Version Tinstall Tcheck Ttotal Status Flags
r-devel-linux-x86_64-debian-clang 0.1.0 35.85 55.38 91.23 OK
r-devel-linux-x86_64-debian-gcc 0.1.0 20.96 40.75 61.71 OK
r-devel-linux-x86_64-fedora-clang 0.1.0 122.24 OK
r-devel-linux-x86_64-fedora-gcc 0.1.0 99.76 OK
r-devel-windows-x86_64 0.1.0 36.00 69.00 105.00 OK
r-devel-windows-x86_64-gcc10-UCRT 0.1.0 ERROR
r-patched-linux-x86_64 0.1.0 27.91 51.84 79.75 OK
r-patched-solaris-x86 0.1.0 154.30 OK
r-release-linux-x86_64 0.1.0 27.11 51.16 78.27 OK
r-release-macos-arm64 0.1.0 OK
r-release-macos-x86_64 0.1.0 OK
r-release-windows-ix86+x86_64 0.1.0 79.00 120.00 199.00 OK
r-oldrel-macos-x86_64 0.1.0 OK
r-oldrel-windows-ix86+x86_64 0.1.0 63.00 96.00 159.00 OK

Check Details

Version: 0.1.0
Check: whether package can be installed
Result: ERROR
    Installation failed.
Flavor: r-devel-windows-x86_64-gcc10-UCRT