CRAN Package Check Results for Package AMModels

Last updated on 2021-09-23 07:49:24 CEST.

Flavor Version Tinstall Tcheck Ttotal Status Flags
r-devel-linux-x86_64-debian-clang 0.1.4 13.11 107.10 120.21 OK
r-devel-linux-x86_64-debian-gcc 0.1.4 14.07 81.22 95.29 OK
r-devel-linux-x86_64-fedora-clang 0.1.4 160.52 OK
r-devel-linux-x86_64-fedora-gcc 0.1.4 146.14 OK
r-devel-windows-x86_64 0.1.4 16.00 100.00 116.00 OK
r-devel-windows-x86_64-gcc10-UCRT 0.1.4 ERROR
r-patched-linux-x86_64 0.1.4 15.05 106.09 121.14 OK
r-patched-solaris-x86 0.1.4 202.00 OK
r-release-linux-x86_64 0.1.4 14.54 104.05 118.59 OK
r-release-macos-arm64 0.1.4 OK
r-release-macos-x86_64 0.1.4 OK
r-release-windows-ix86+x86_64 0.1.4 30.00 129.00 159.00 OK
r-oldrel-macos-x86_64 0.1.4 NOTE
r-oldrel-windows-ix86+x86_64 0.1.4 23.00 95.00 118.00 OK

Check Details

Version: 0.1.4
Check: PDF version of manual
Result: WARN
    LaTeX errors when creating PDF version.
    This typically indicates Rd problems.
Flavor: r-devel-windows-x86_64-gcc10-UCRT

Version: 0.1.4
Check: PDF version of manual without hyperrefs or index
Result: ERROR
    Re-running with no redirection of stdout/stderr.
Flavor: r-devel-windows-x86_64-gcc10-UCRT

Version: 0.1.4
Check: package dependencies
Result: NOTE
    Package suggested but not available for checking: ‘AICcmodavg’
Flavor: r-oldrel-macos-x86_64