CRAN Package Check Results for Package AMR

Last updated on 2021-09-19 16:48:42 CEST.

Flavor Version Tinstall Tcheck Ttotal Status Flags
r-devel-linux-x86_64-debian-clang 1.7.1 27.66 251.76 279.42 OK
r-devel-linux-x86_64-debian-gcc 1.7.1 24.75 191.32 216.07 OK
r-devel-linux-x86_64-fedora-clang 1.7.1 354.63 NOTE
r-devel-linux-x86_64-fedora-gcc 1.7.1 330.77 OK
r-devel-windows-x86_64 1.7.1 37.00 257.00 294.00 NOTE
r-devel-windows-x86_64-gcc10-UCRT 1.7.1 ERROR
r-patched-linux-x86_64 1.7.1 30.75 255.61 286.36 OK
r-patched-solaris-x86 1.7.1 495.80 NOTE
r-release-linux-x86_64 1.7.1 27.32 249.52 276.84 OK
r-release-macos-arm64 1.7.1 NOTE
r-release-macos-x86_64 1.7.1 NOTE
r-release-windows-ix86+x86_64 1.7.1 64.00 353.00 417.00 NOTE
r-oldrel-macos-x86_64 1.7.1 NOTE
r-oldrel-windows-ix86+x86_64 1.7.1 62.00 346.00 408.00 NOTE

Check Details

Version: 1.7.1
Check: installed package size
Result: NOTE
     installed size is 6.0Mb
     sub-directories of 1Mb or more:
     data 3.5Mb
Flavors: r-devel-linux-x86_64-fedora-clang, r-devel-windows-x86_64, r-patched-solaris-x86, r-release-macos-arm64, r-release-macos-x86_64, r-release-windows-ix86+x86_64, r-oldrel-macos-x86_64, r-oldrel-windows-ix86+x86_64

Version: 1.7.1
Check: whether package can be installed
Result: WARN
    Found the following significant warnings:
     WARNING: installation-time patches will not be applied, could not get the patches index
Flavor: r-devel-windows-x86_64-gcc10-UCRT

Version: 1.7.1
Check: PDF version of manual
Result: WARN
    LaTeX errors when creating PDF version.
    This typically indicates Rd problems.
Flavor: r-devel-windows-x86_64-gcc10-UCRT

Version: 1.7.1
Check: PDF version of manual without hyperrefs or index
Result: ERROR
    Re-running with no redirection of stdout/stderr.
Flavor: r-devel-windows-x86_64-gcc10-UCRT