CRAN Package Check Results for Package ANN2

Last updated on 2021-08-05 04:55:38 CEST.

Flavor Version Tinstall Tcheck Ttotal Status Flags
r-devel-linux-x86_64-debian-clang 2.3.4 492.12 74.43 566.55 NOTE
r-devel-linux-x86_64-debian-gcc 2.3.4 337.90 59.96 397.86 NOTE
r-devel-linux-x86_64-fedora-clang 2.3.4 956.92 NOTE
r-devel-linux-x86_64-fedora-gcc 2.3.4 724.32 NOTE
r-devel-windows-x86_64 2.3.4 479.00 102.00 581.00 NOTE
r-devel-windows-x86_64-gcc10-UCRT 2.3.4 ERROR
r-patched-linux-x86_64 2.3.4 346.78 70.01 416.79 NOTE
r-patched-solaris-x86 2.3.4 532.30 NOTE
r-release-linux-x86_64 2.3.4 367.95 68.05 436.00 NOTE
r-release-macos-arm64 2.3.4 NOTE
r-release-macos-x86_64 2.3.4 NOTE
r-release-windows-ix86+x86_64 2.3.4 925.00 111.00 1036.00 NOTE
r-oldrel-macos-x86_64 2.3.4 NOTE
r-oldrel-windows-ix86+x86_64 2.3.4 783.00 146.00 929.00 NOTE

Check Details

Version: 2.3.4
Check: LazyData
Result: NOTE
     'LazyData' is specified without a 'data' directory
Flavors: r-devel-linux-x86_64-debian-clang, r-devel-linux-x86_64-debian-gcc, r-devel-linux-x86_64-fedora-clang, r-devel-linux-x86_64-fedora-gcc, r-devel-windows-x86_64, r-patched-linux-x86_64, r-patched-solaris-x86, r-release-linux-x86_64, r-release-macos-arm64, r-release-macos-x86_64, r-release-windows-ix86+x86_64

Version: 2.3.4
Check: installed package size
Result: NOTE
     installed size is 46.1Mb
     sub-directories of 1Mb or more:
     cereal 1.4Mb
     libs 44.5Mb
Flavors: r-devel-linux-x86_64-fedora-clang, r-release-macos-arm64, r-release-macos-x86_64, r-release-windows-ix86+x86_64, r-oldrel-macos-x86_64, r-oldrel-windows-ix86+x86_64

Version: 2.3.4
Check: package dependencies
Result: ERROR
    Packages required but not available: 'ggplot2', 'testthat'
    
    Package suggested but not available for checking: 'testthat'
    
    See section 'The DESCRIPTION file' in the 'Writing R Extensions'
    manual.
Flavor: r-devel-windows-x86_64-gcc10-UCRT