CRAN Package Check Results for Package APML0

Last updated on 2021-09-20 22:55:09 CEST.

Flavor Version Tinstall Tcheck Ttotal Status Flags
r-devel-linux-x86_64-debian-clang 0.10 66.15 72.67 138.82 NOTE
r-devel-linux-x86_64-debian-gcc 0.10 40.24 55.18 95.42 NOTE
r-devel-linux-x86_64-fedora-clang 0.10 188.56 NOTE
r-devel-linux-x86_64-fedora-gcc 0.10 163.78 NOTE
r-devel-windows-x86_64 0.10 41.00 75.00 116.00 NOTE
r-devel-windows-x86_64-gcc10-UCRT 0.10 ERROR
r-patched-linux-x86_64 0.10 51.41 73.35 124.76 NOTE
r-patched-solaris-x86 0.10 175.80 NOTE
r-release-linux-x86_64 0.10 49.95 71.43 121.38 NOTE
r-release-macos-arm64 0.10 NOTE
r-release-macos-x86_64 0.10 NOTE
r-release-windows-ix86+x86_64 0.10 115.00 133.00 248.00 NOTE
r-oldrel-macos-x86_64 0.10 NOTE
r-oldrel-windows-ix86+x86_64 0.10 108.00 101.00 209.00 OK

Check Details

Version: 0.10
Check: LazyData
Result: NOTE
     'LazyData' is specified without a 'data' directory
Flavors: r-devel-linux-x86_64-debian-clang, r-devel-linux-x86_64-debian-gcc, r-devel-linux-x86_64-fedora-clang, r-devel-linux-x86_64-fedora-gcc, r-devel-windows-x86_64, r-patched-linux-x86_64, r-patched-solaris-x86, r-release-linux-x86_64, r-release-macos-arm64, r-release-macos-x86_64, r-release-windows-ix86+x86_64

Version: 0.10
Check: installed package size
Result: NOTE
     installed size is 9.0Mb
     sub-directories of 1Mb or more:
     libs 8.8Mb
Flavors: r-devel-linux-x86_64-fedora-clang, r-release-macos-arm64, r-release-macos-x86_64, r-oldrel-macos-x86_64

Version: 0.10
Check: whether package can be installed
Result: ERROR
    Installation failed.
Flavor: r-devel-windows-x86_64-gcc10-UCRT