CRAN Package Check Results for Package APPEstimation

Last updated on 2021-09-23 10:53:11 CEST.

Flavor Version Tinstall Tcheck Ttotal Status Flags
r-devel-linux-x86_64-debian-clang 0.1.1 2.20 23.10 25.30 OK
r-devel-linux-x86_64-debian-gcc 0.1.1 1.82 18.24 20.06 OK
r-devel-linux-x86_64-fedora-clang 0.1.1 41.11 OK
r-devel-linux-x86_64-fedora-gcc 0.1.1 29.24 OK
r-devel-windows-x86_64 0.1.1 4.00 28.00 32.00 OK
r-devel-windows-x86_64-gcc10-UCRT 0.1.1 ERROR
r-patched-linux-x86_64 0.1.1 2.18 22.74 24.92 OK
r-patched-solaris-x86 0.1.1 45.00 OK
r-release-linux-x86_64 0.1.1 2.13 22.38 24.51 OK
r-release-macos-arm64 0.1.1 OK
r-release-macos-x86_64 0.1.1 OK
r-release-windows-ix86+x86_64 0.1.1 6.00 40.00 46.00 OK
r-oldrel-macos-x86_64 0.1.1 OK
r-oldrel-windows-ix86+x86_64 0.1.1 5.00 29.00 34.00 OK

Check Details

Version: 0.1.1
Check: PDF version of manual
Result: WARN
    LaTeX errors when creating PDF version.
    This typically indicates Rd problems.
Flavor: r-devel-windows-x86_64-gcc10-UCRT

Version: 0.1.1
Check: PDF version of manual without hyperrefs or index
Result: ERROR
    Re-running with no redirection of stdout/stderr.
Flavor: r-devel-windows-x86_64-gcc10-UCRT