CRAN Package Check Results for Package ARCokrig

Last updated on 2021-09-25 07:49:26 CEST.

Flavor Version Tinstall Tcheck Ttotal Status Flags
r-devel-linux-x86_64-debian-clang 0.1.1 75.88 75.98 151.86 OK
r-devel-linux-x86_64-debian-gcc 0.1.1 53.46 56.79 110.25 OK
r-devel-linux-x86_64-fedora-clang 0.1.1 203.95 NOTE
r-devel-linux-x86_64-fedora-gcc 0.1.1 191.38 OK
r-devel-windows-x86_64 0.1.1 67.00 74.00 141.00 OK
r-devel-windows-x86_64-gcc10-UCRT 0.1.1 OK
r-patched-linux-x86_64 0.1.1 68.72 71.17 139.89 OK
r-patched-solaris-x86 0.1.1 183.40 OK
r-release-linux-x86_64 0.1.1 66.61 71.98 138.59 OK
r-release-macos-arm64 0.1.1 NOTE
r-release-macos-x86_64 0.1.1 NOTE
r-release-windows-ix86+x86_64 0.1.1 154.00 133.00 287.00 OK
r-oldrel-macos-x86_64 0.1.1 NOTE
r-oldrel-windows-ix86+x86_64 0.1.1 116.00 105.00 221.00 OK

Check Details

Version: 0.1.1
Check: installed package size
Result: NOTE
     installed size is 15.8Mb
     sub-directories of 1Mb or more:
     libs 15.5Mb
Flavors: r-devel-linux-x86_64-fedora-clang, r-release-macos-arm64, r-release-macos-x86_64, r-oldrel-macos-x86_64