CRAN Package Check Results for Package ARTP2

Last updated on 2021-10-28 10:51:29 CEST.

Flavor Version Tinstall Tcheck Ttotal Status Flags
r-devel-linux-x86_64-debian-clang 0.9.45 23.59 72.52 96.11 NOTE
r-devel-linux-x86_64-debian-gcc 0.9.45 20.13 54.95 75.08 NOTE
r-devel-linux-x86_64-fedora-clang 0.9.45 134.56 NOTE
r-devel-linux-x86_64-fedora-gcc 0.9.45 117.92 NOTE
r-devel-windows-x86_64 0.9.45 33.00 105.00 138.00 NOTE
r-devel-windows-x86_64-gcc10-UCRT 0.9.45 NOTE
r-patched-linux-x86_64 0.9.45 21.25 69.67 90.92 NOTE
r-patched-solaris-x86 0.9.45 158.30 NOTE
r-release-linux-x86_64 0.9.45 21.40 69.58 90.98 NOTE
r-release-macos-arm64 0.9.45 NOTE
r-release-macos-x86_64 0.9.45 NOTE
r-release-windows-ix86+x86_64 0.9.45 41.00 115.00 156.00 NOTE
r-oldrel-macos-x86_64 0.9.45 NOTE
r-oldrel-windows-ix86+x86_64 0.9.45 40.00 115.00 155.00 NOTE

Check Details

Version: 0.9.45
Check: package dependencies
Result: NOTE
    Package which this enhances but not available for checking: 'ARTP'
Flavors: r-devel-linux-x86_64-debian-clang, r-devel-linux-x86_64-debian-gcc, r-devel-linux-x86_64-fedora-clang, r-devel-linux-x86_64-fedora-gcc, r-devel-windows-x86_64-gcc10-UCRT, r-patched-linux-x86_64, r-patched-solaris-x86, r-release-linux-x86_64, r-release-macos-arm64, r-release-macos-x86_64, r-oldrel-macos-x86_64

Version: 0.9.45
Check: installed package size
Result: NOTE
     installed size is 6.1Mb
     sub-directories of 1Mb or more:
     extdata 3.7Mb
     libs 1.2Mb
Flavors: r-devel-linux-x86_64-fedora-clang, r-devel-windows-x86_64, r-patched-solaris-x86, r-release-macos-arm64, r-release-macos-x86_64, r-release-windows-ix86+x86_64, r-oldrel-macos-x86_64, r-oldrel-windows-ix86+x86_64