CRAN Package Check Results for Package ActFrag

Last updated on 2021-07-29 22:55:49 CEST.

Flavor Version Tinstall Tcheck Ttotal Status Flags
r-devel-linux-x86_64-debian-clang 0.1.1 OK
r-devel-linux-x86_64-debian-gcc 0.1.1 10.13 79.88 90.01 OK
r-devel-linux-x86_64-fedora-clang 0.1.1 145.80 NOTE
r-devel-linux-x86_64-fedora-gcc 0.1.1 134.03 NOTE
r-devel-windows-x86_64 0.1.1 31.00 111.00 142.00 OK
r-devel-windows-x86_64-gcc10-UCRT 0.1.1 NOTE
r-patched-linux-x86_64 0.1.1 10.72 102.74 113.46 OK
r-patched-solaris-x86 0.1.1 196.20 NOTE
r-release-linux-x86_64 0.1.1 10.68 101.32 112.00 OK
r-release-macos-arm64 0.1.1 NOTE
r-release-macos-x86_64 0.1.1 NOTE
r-release-windows-ix86+x86_64 0.1.1 25.00 126.00 151.00 OK
r-oldrel-macos-x86_64 0.1.1 NOTE
r-oldrel-windows-ix86+x86_64 0.1.1 20.00 130.00 150.00 OK

Check Details

Version: 0.1.1
Check: dependencies in R code
Result: NOTE
    Namespace in Imports field not imported from: ‘tidyr’
     All declared Imports should be used.
Flavors: r-devel-linux-x86_64-fedora-clang, r-devel-linux-x86_64-fedora-gcc, r-devel-windows-x86_64-gcc10-UCRT, r-patched-solaris-x86, r-release-macos-arm64, r-release-macos-x86_64, r-oldrel-macos-x86_64