CRAN Package Check Results for Package ActivityIndex

Last updated on 2021-07-24 22:55:05 CEST.

Flavor Version Tinstall Tcheck Ttotal Status Flags
r-devel-linux-x86_64-debian-clang 0.3.7 3.87 50.50 54.37 OK
r-devel-linux-x86_64-debian-gcc 0.3.7 2.86 34.84 37.70 OK
r-devel-linux-x86_64-fedora-clang 0.3.7 71.12 OK
r-devel-linux-x86_64-fedora-gcc 0.3.7 56.26 OK
r-devel-windows-x86_64 0.3.7 5.00 75.00 80.00 OK
r-devel-windows-x86_64-gcc10-UCRT 0.3.7 OK
r-patched-linux-x86_64 0.3.7 3.49 42.86 46.35 OK
r-patched-solaris-x86 0.3.7 91.50 OK
r-release-linux-x86_64 0.3.7 3.85 42.66 46.51 OK
r-release-macos-arm64 0.3.7 NOTE
r-release-macos-x86_64 0.3.7 OK
r-release-windows-ix86+x86_64 0.3.7 8.00 81.00 89.00 OK
r-oldrel-macos-x86_64 0.3.7 OK
r-oldrel-windows-ix86+x86_64 0.3.7 17.00 94.00 111.00 OK

Check Details

Version: 0.3.7
Check: package dependencies
Result: NOTE
    Package suggested but not available for checking: ‘rmarkdown’
Flavor: r-release-macos-arm64