CRAN Package Check Results for Package AdaptGauss

Last updated on 2021-09-19 04:52:45 CEST.

Flavor Version Tinstall Tcheck Ttotal Status Flags
r-devel-linux-x86_64-debian-clang 1.5.6 18.94 51.77 70.71 OK
r-devel-linux-x86_64-debian-gcc 1.5.6 14.70 39.31 54.01 OK
r-devel-linux-x86_64-fedora-clang 1.5.6 101.90 OK
r-devel-linux-x86_64-fedora-gcc 1.5.6 85.90 OK
r-devel-windows-x86_64 1.5.6 20.00 63.00 83.00 OK
r-devel-windows-x86_64-gcc10-UCRT 1.5.6 ERROR
r-patched-linux-x86_64 1.5.6 17.80 49.98 67.78 OK
r-patched-solaris-x86 1.5.6 106.60 OK
r-release-linux-x86_64 1.5.6 18.63 49.23 67.86 OK
r-release-macos-arm64 1.5.6 OK
r-release-macos-x86_64 1.5.6 OK
r-release-windows-ix86+x86_64 1.5.6 48.00 103.00 151.00 OK
r-oldrel-macos-x86_64 1.5.6 OK
r-oldrel-windows-ix86+x86_64 1.5.6 49.00 94.00 143.00 OK

Check Details

Version: 1.5.6
Check: whether package can be installed
Result: ERROR
    Installation failed.
Flavor: r-devel-windows-x86_64-gcc10-UCRT