CRAN Package Check Results for Package AdaptiveSparsity

Last updated on 2021-09-23 07:49:23 CEST.

Flavor Version Tinstall Tcheck Ttotal Status Flags
r-devel-linux-x86_64-debian-clang 1.6 25.86 61.51 87.37 OK
r-devel-linux-x86_64-debian-gcc 1.6 18.61 48.30 66.91 OK
r-devel-linux-x86_64-fedora-clang 1.6 121.65 OK
r-devel-linux-x86_64-fedora-gcc 1.6 108.47 OK
r-devel-windows-x86_64 1.6 27.00 65.00 92.00 OK
r-devel-windows-x86_64-gcc10-UCRT 1.6 ERROR
r-patched-linux-x86_64 1.6 23.72 62.67 86.39 OK
r-patched-solaris-x86 1.6 142.20 OK
r-release-linux-x86_64 1.6 23.70 59.89 83.59 OK
r-release-macos-arm64 1.6 OK
r-release-macos-x86_64 1.6 OK
r-release-windows-ix86+x86_64 1.6 70.00 119.00 189.00 OK
r-oldrel-macos-x86_64 1.6 OK
r-oldrel-windows-ix86+x86_64 1.6 50.00 88.00 138.00 OK

Check Details

Version: 1.6
Check: whether package can be installed
Result: ERROR
    Installation failed.
Flavor: r-devel-windows-x86_64-gcc10-UCRT