CRAN Package Check Results for Package AdhereR

Last updated on 2021-08-05 04:55:37 CEST.

Flavor Version Tinstall Tcheck Ttotal Status Flags
r-devel-linux-x86_64-debian-clang 0.6.1 20.15 103.54 123.69 OK
r-devel-linux-x86_64-debian-gcc 0.6.1 13.71 74.68 88.39 OK
r-devel-linux-x86_64-fedora-clang 0.6.1 154.54 OK
r-devel-linux-x86_64-fedora-gcc 0.6.1 136.67 OK
r-devel-windows-x86_64 0.6.1 25.00 114.00 139.00 OK
r-devel-windows-x86_64-gcc10-UCRT 0.6.1 NOTE
r-patched-linux-x86_64 0.6.1 17.97 96.83 114.80 OK
r-patched-solaris-x86 0.6.1 159.00 NOTE
r-release-linux-x86_64 0.6.1 16.86 96.39 113.25 OK
r-release-macos-arm64 0.6.1 OK
r-release-macos-x86_64 0.6.1 OK
r-release-windows-ix86+x86_64 0.6.1 27.00 114.00 141.00 OK
r-oldrel-macos-x86_64 0.6.1 OK
r-oldrel-windows-ix86+x86_64 0.6.1 23.00 115.00 138.00 OK

Check Details

Version: 0.6.1
Check: package dependencies
Result: NOTE
    Package suggested but not available for checking: 'AdhereRViz'
Flavor: r-devel-windows-x86_64-gcc10-UCRT

Version: 0.6.1
Check: package dependencies
Result: NOTE
    Packages suggested but not available for checking: 'rsvg', 'AdhereRViz'
Flavor: r-patched-solaris-x86

Version: 0.6.1
Check: installed package size
Result: NOTE
     installed size is 5.5Mb
     sub-directories of 1Mb or more:
     doc 3.2Mb
Flavor: r-patched-solaris-x86