CRAN Package Check Results for Package AdhereR

Last updated on 2024-07-23 22:49:34 CEST.

Flavor Version Tinstall Tcheck Ttotal Status Flags
r-devel-linux-x86_64-debian-clang 0.8.1 27.87 140.15 168.02 NOTE
r-devel-linux-x86_64-debian-gcc 0.8.1 18.23 100.61 118.84 NOTE
r-devel-linux-x86_64-fedora-clang 0.8.1 201.88 NOTE
r-devel-linux-x86_64-fedora-gcc 0.8.1 212.04 NOTE
r-devel-windows-x86_64 0.8.1 19.00 118.00 137.00 NOTE
r-patched-linux-x86_64 0.8.1 24.91 128.09 153.00 NOTE
r-release-linux-x86_64 0.8.1 23.52 128.48 152.00 NOTE
r-release-macos-arm64 0.8.1 60.00 NOTE
r-release-macos-x86_64 0.8.1 125.00 NOTE
r-release-windows-x86_64 0.8.1 19.00 118.00 137.00 NOTE
r-oldrel-macos-arm64 0.8.1 61.00 NOTE
r-oldrel-macos-x86_64 0.8.1 98.00 NOTE
r-oldrel-windows-x86_64 0.8.1 23.00 137.00 160.00 NOTE

Check Details

Version: 0.8.1
Check: Rd files
Result: NOTE checkRd: (-1) med.groups.Rd:20: Lost braces; missing escapes or markup? 20 | medication groups using the construction \emph{"{NAME}"}. | ^ checkRd: (-1) med.groups.Rd:26: Lost braces; missing escapes or markup? 26 | Another example is "NotVita" defined as "(!{Vitamines})", which selects all | ^ Flavors: r-devel-linux-x86_64-debian-clang, r-devel-linux-x86_64-debian-gcc, r-devel-linux-x86_64-fedora-clang, r-devel-linux-x86_64-fedora-gcc, r-devel-windows-x86_64, r-patched-linux-x86_64, r-release-linux-x86_64, r-release-macos-arm64, r-release-macos-x86_64, r-release-windows-x86_64

Version: 0.8.1
Check: installed package size
Result: NOTE installed size is 6.2Mb sub-directories of 1Mb or more: doc 3.7Mb Flavors: r-devel-linux-x86_64-fedora-clang, r-devel-windows-x86_64, r-release-macos-arm64, r-release-macos-x86_64, r-release-windows-x86_64, r-oldrel-macos-arm64, r-oldrel-macos-x86_64, r-oldrel-windows-x86_64