CRAN Package Check Results for Package AdvDif4

Last updated on 2021-07-26 16:49:00 CEST.

Flavor Version Tinstall Tcheck Ttotal Status Flags
r-devel-linux-x86_64-debian-clang 0.7.18 2.02 28.73 30.75 NOTE
r-devel-linux-x86_64-debian-gcc 0.7.18 1.61 22.04 23.65 NOTE
r-devel-linux-x86_64-fedora-clang 0.7.18 45.72 NOTE
r-devel-linux-x86_64-fedora-gcc 0.7.18 36.12 NOTE
r-devel-windows-x86_64 0.7.18 4.00 28.00 32.00 NOTE
r-devel-windows-x86_64-gcc10-UCRT 0.7.18 NOTE
r-patched-linux-x86_64 0.7.18 2.40 27.87 30.27 NOTE
r-patched-solaris-x86 0.7.18 53.00 NOTE
r-release-linux-x86_64 0.7.18 2.24 28.75 30.99 NOTE
r-release-macos-arm64 0.7.18 NOTE
r-release-macos-x86_64 0.7.18 NOTE
r-release-windows-ix86+x86_64 0.7.18 4.00 30.00 34.00 NOTE
r-oldrel-macos-x86_64 0.7.18 OK
r-oldrel-windows-ix86+x86_64 0.7.18 5.00 39.00 44.00 OK

Check Details

Version: 0.7.18
Check: LazyData
Result: NOTE
     'LazyData' is specified without a 'data' directory
Flavors: r-devel-linux-x86_64-debian-clang, r-devel-linux-x86_64-debian-gcc, r-devel-linux-x86_64-fedora-clang, r-devel-linux-x86_64-fedora-gcc, r-devel-windows-x86_64, r-devel-windows-x86_64-gcc10-UCRT, r-patched-linux-x86_64, r-patched-solaris-x86, r-release-linux-x86_64, r-release-macos-arm64, r-release-macos-x86_64, r-release-windows-ix86+x86_64