CRAN Package Check Results for Package AgroR

Last updated on 2021-09-23 07:49:24 CEST.

Flavor Version Tinstall Tcheck Ttotal Status Flags
r-devel-linux-x86_64-debian-clang 1.2.3 49.50 327.33 376.83 OK
r-devel-linux-x86_64-debian-gcc 1.2.3 38.90 236.94 275.84 OK
r-devel-linux-x86_64-fedora-clang 1.2.3 442.87 OK
r-devel-linux-x86_64-fedora-gcc 1.2.3 435.87 OK
r-devel-windows-x86_64 1.2.3 55.00 291.00 346.00 OK
r-devel-windows-x86_64-gcc10-UCRT 1.2.3 ERROR
r-patched-linux-x86_64 1.2.3 45.32 314.32 359.64 OK
r-patched-solaris-x86 1.2.3 476.20 OK
r-release-linux-x86_64 1.2.3 45.48 303.57 349.05 OK
r-release-macos-arm64 1.2.3 OK
r-release-macos-x86_64 1.2.3 OK
r-release-windows-ix86+x86_64 1.2.3 99.00 405.00 504.00 OK
r-oldrel-macos-x86_64 1.2.3 OK
r-oldrel-windows-ix86+x86_64 1.2.3 66.00 300.00 366.00 OK

Check Details

Version: 1.2.3
Check: package dependencies
Result: ERROR
    Package required but not available: 'Hmisc'
    
    Package suggested but not available for checking: 'roxygen2'
    
    See section 'The DESCRIPTION file' in the 'Writing R Extensions'
    manual.
Flavor: r-devel-windows-x86_64-gcc10-UCRT