CRAN Package Check Results for Package AirSensor

Last updated on 2021-09-25 22:53:58 CEST.

Flavor Version Tinstall Tcheck Ttotal Status Flags
r-devel-linux-x86_64-debian-clang 1.0.8 14.91 169.35 184.26 OK
r-devel-linux-x86_64-debian-gcc 1.0.8 12.31 125.82 138.13 OK
r-devel-linux-x86_64-fedora-clang 1.0.8 221.85 NOTE
r-devel-linux-x86_64-fedora-gcc 1.0.8 209.94 NOTE
r-devel-windows-x86_64 1.0.8 16.00 172.00 188.00 OK
r-devel-windows-x86_64-gcc10-UCRT 1.0.8 NOTE
r-patched-linux-x86_64 1.0.8 15.48 157.38 172.86 OK
r-patched-solaris-x86 1.0.8 305.20 NOTE
r-release-linux-x86_64 1.0.8 16.13 157.86 173.99 OK
r-release-macos-arm64 1.0.8 NOTE
r-release-macos-x86_64 1.0.8 NOTE
r-release-windows-ix86+x86_64 1.0.8 32.00 240.00 272.00 OK
r-oldrel-macos-x86_64 1.0.8 NOTE
r-oldrel-windows-ix86+x86_64 1.0.8 21.00 189.00 210.00 OK

Check Details

Version: 1.0.8
Check: package dependencies
Result: NOTE
    Imports includes 34 non-default packages.
    Importing from so many packages makes the package vulnerable to any of
    them becoming unavailable. Move as many as possible to Suggests and
    use conditionally.
Flavor: r-devel-linux-x86_64-fedora-clang

Version: 1.0.8
Check: data for non-ASCII characters
Result: NOTE
     Note: found 90 marked UTF-8 strings
Flavors: r-devel-linux-x86_64-fedora-clang, r-devel-linux-x86_64-fedora-gcc, r-devel-windows-x86_64-gcc10-UCRT, r-patched-solaris-x86, r-release-macos-arm64, r-release-macos-x86_64, r-oldrel-macos-x86_64