CRAN Package Check Results for Package Ake

Last updated on 2024-06-17 04:48:44 CEST.

Flavor Version Tinstall Tcheck Ttotal Status Flags
r-devel-linux-x86_64-debian-clang 1.0.1 2.88 31.30 34.18 NOTE
r-devel-linux-x86_64-debian-gcc 1.0.1 1.92 23.73 25.65 NOTE
r-devel-linux-x86_64-fedora-clang 1.0.1 42.88 NOTE
r-devel-linux-x86_64-fedora-gcc 1.0.1 40.96 NOTE
r-devel-windows-x86_64 1.0.1 4.00 44.00 48.00 NOTE
r-patched-linux-x86_64 1.0.1 2.81 30.01 32.82 NOTE
r-release-linux-x86_64 1.0.1 2.25 30.02 32.27 NOTE
r-release-macos-arm64 1.0.1 16.00 NOTE
r-release-macos-x86_64 1.0.1 28.00 NOTE
r-release-windows-x86_64 1.0.1 4.00 43.00 47.00 NOTE
r-oldrel-macos-arm64 1.0.1 16.00 OK
r-oldrel-macos-x86_64 1.0.1 22.00 OK
r-oldrel-windows-x86_64 1.0.1 4.00 45.00 49.00 OK

Check Details

Version: 1.0.1
Check: Rd files
Result: NOTE checkRd: (-1) plot.dke.fun.Rd:33: Lost braces; missing escapes or markup? 33 | \item{las}{ Numeric in {0,1,2,3}; the style of axis labels. | ^ Flavors: r-devel-linux-x86_64-debian-clang, r-devel-linux-x86_64-debian-gcc, r-devel-linux-x86_64-fedora-clang, r-devel-linux-x86_64-fedora-gcc, r-devel-windows-x86_64, r-patched-linux-x86_64, r-release-linux-x86_64, r-release-macos-arm64, r-release-macos-x86_64, r-release-windows-x86_64