CRAN Package Check Results for Package AlgDesign

Last updated on 2021-08-05 04:55:38 CEST.

Flavor Version Tinstall Tcheck Ttotal Status Flags
r-devel-linux-x86_64-debian-clang 1.2.0 10.44 42.96 53.40 OK
r-devel-linux-x86_64-debian-gcc 1.2.0 5.36 33.30 38.66 OK
r-devel-linux-x86_64-fedora-clang 1.2.0 78.57 NOTE
r-devel-linux-x86_64-fedora-gcc 1.2.0 60.88 NOTE
r-devel-windows-x86_64 1.2.0 11.00 56.00 67.00 OK
r-devel-windows-x86_64-gcc10-UCRT 1.2.0 OK
r-patched-linux-x86_64 1.2.0 7.15 41.68 48.83 OK
r-patched-solaris-x86 1.2.0 91.30 OK
r-release-linux-x86_64 1.2.0 6.78 41.68 48.46 OK
r-release-macos-arm64 1.2.0 OK
r-release-macos-x86_64 1.2.0 OK
r-release-windows-ix86+x86_64 1.2.0 14.00 50.00 64.00 OK
r-oldrel-macos-x86_64 1.2.0 OK
r-oldrel-windows-ix86+x86_64 1.2.0 16.00 63.00 79.00 OK

Check Details

Version: 1.2.0
Check: compiled code
Result: NOTE
    File ‘AlgDesign/libs/AlgDesign.so’:
     Found no calls to: ‘R_registerRoutines’, ‘R_useDynamicSymbols’
    
    It is good practice to register native routines and to disable symbol
    search.
    
    See ‘Writing portable packages’ in the ‘Writing R Extensions’ manual.
Flavors: r-devel-linux-x86_64-fedora-clang, r-devel-linux-x86_64-fedora-gcc