CRAN Package Check Results for Package AlphaPart

Last updated on 2021-07-27 22:53:31 CEST.

Flavor Version Tinstall Tcheck Ttotal Status Flags
r-devel-linux-x86_64-debian-clang 0.8.1 29.30 100.69 129.99 OK
r-devel-linux-x86_64-debian-gcc 0.8.1 18.67 75.19 93.86 OK
r-devel-linux-x86_64-fedora-clang 0.8.1 168.26 OK
r-devel-linux-x86_64-fedora-gcc 0.8.1 152.82 OK
r-devel-windows-x86_64 0.8.1 40.00 144.00 184.00 OK
r-devel-windows-x86_64-gcc10-UCRT 0.8.1 OK
r-patched-linux-x86_64 0.8.1 24.98 97.42 122.40 OK
r-patched-solaris-x86 0.8.1 198.90 OK
r-release-linux-x86_64 0.8.1 23.86 97.41 121.27 OK
r-release-macos-arm64 0.8.1 ERROR
r-release-macos-x86_64 0.8.1 OK
r-release-windows-ix86+x86_64 0.8.1 70.00 132.00 202.00 OK
r-oldrel-macos-x86_64 0.8.1 OK
r-oldrel-windows-ix86+x86_64 0.8.1 55.00 175.00 230.00 OK

Check Details

Version: 0.8.1
Check: examples
Result: ERROR
    Running examples in ‘AlphaPart-Ex.R’ failed
    The error most likely occurred in:
    
    > ### Name: savePlot
    > ### Title: savePlot.plotSummaryAlphaPart.R
    > ### Aliases: savePlot savePlot.default savePlot.plotSummaryAlphaPart
    >
    > ### ** Examples
    >
    > ## Partition additive genetic values
    > res <- AlphaPart(x=AlphaPart.ped, colPath="country", colBV=c("bv1", "bv2"))
    
    Size:
     - individuals: 8
     - traits: 2 (bv1, bv2)
     - paths: 2 (domestic, import)
     - unknown (missing) values:
    bv1 bv2
     0 0
    >
    > ## Summarize population by generation (=trend)
    > ret <- summary(res, by="gen")
    >
    > ## Plot the partitions
    > p <- plot(ret, ylab=c("BV for trait 1", "BV for trait 2"), xlab="Generation")
    >
    > ## Save the plots
    > tmp <- savePlot(x = p, filename="test", type="png")
    test_bv1.png
    $file
    [1] "test_bv1.png"
    
    Warning in grid.Call.graphics(C_text, as.graphicsAnnot(x$label), x$x, x$y, :
     no font could be found for family "Arial"
    Warning in grid.Call.graphics(C_text, as.graphicsAnnot(x$label), x$x, x$y, :
     no font could be found for family "Arial"
    Warning in grid.Call.graphics(C_text, as.graphicsAnnot(x$label), x$x, x$y, :
     no font could be found for family "Arial"
    Warning in grid.Call(C_stringMetric, as.graphicsAnnot(x$label)) :
     no font could be found for family "Arial"
    Warning in grid.Call(C_stringMetric, as.graphicsAnnot(x$label)) :
     no font could be found for family "Arial"
    Warning in grid.Call(C_stringMetric, as.graphicsAnnot(x$label)) :
     no font could be found for family "Arial"
    Warning in grid.Call(C_stringMetric, as.graphicsAnnot(x$label)) :
     no font could be found for family "Arial"
    Warning in grid.Call(C_stringMetric, as.graphicsAnnot(x$label)) :
     no font could be found for family "Arial"
    Warning in grid.Call(C_stringMetric, as.graphicsAnnot(x$label)) :
     no font could be found for family "Arial"
    Warning in grid.Call(C_stringMetric, as.graphicsAnnot(x$label)) :
     no font could be found for family "Arial"
    Warning in grid.Call(C_stringMetric, as.graphicsAnnot(x$label)) :
     no font could be found for family "Arial"
    Warning in grid.Call(C_stringMetric, as.graphicsAnnot(x$label)) :
     no font could be found for family "Arial"
    Warning in grid.Call(C_stringMetric, as.graphicsAnnot(x$label)) :
     no font could be found for family "Arial"
    Warning in grid.Call(C_stringMetric, as.graphicsAnnot(x$label)) :
     no font could be found for family "Arial"
    Warning in grid.Call(C_stringMetric, as.graphicsAnnot(x$label)) :
     no font could be found for family "Arial"
    Warning in grid.Call(C_stringMetric, as.graphicsAnnot(x$label)) :
     no font could be found for family "Arial"
    Warning in grid.Call(C_stringMetric, as.graphicsAnnot(x$label)) :
     no font could be found for family "Arial"
    Warning in grid.Call(C_stringMetric, as.graphicsAnnot(x$label)) :
     no font could be found for family "Arial"
    Warning in grid.Call(C_stringMetric, as.graphicsAnnot(x$label)) :
     no font could be found for family "Arial"
    Warning in grid.Call(C_stringMetric, as.graphicsAnnot(x$label)) :
     no font could be found for family "Arial"
    Warning in grid.Call(C_stringMetric, as.graphicsAnnot(x$label)) :
     no font could be found for family "Arial"
    Warning in grid.Call(C_stringMetric, as.graphicsAnnot(x$label)) :
     no font could be found for family "Arial"
    Warning in grid.Call(C_stringMetric, as.graphicsAnnot(x$label)) :
     no font could be found for family "Arial"
    Warning in grid.Call(C_stringMetric, as.graphicsAnnot(x$label)) :
     no font could be found for family "Arial"
    Warning in grid.Call(C_stringMetric, as.graphicsAnnot(x$label)) :
     no font could be found for family "Arial"
    Warning in grid.Call(C_stringMetric, as.graphicsAnnot(x$label)) :
     no font could be found for family "Arial"
    Warning in grid.Call(C_stringMetric, as.graphicsAnnot(x$label)) :
     no font could be found for family "Arial"
    Warning in grid.Call(C_stringMetric, as.graphicsAnnot(x$label)) :
     no font could be found for family "Arial"
    Warning in grid.Call(C_stringMetric, as.graphicsAnnot(x$label)) :
     no font could be found for family "Arial"
    Warning in grid.Call(C_stringMetric, as.graphicsAnnot(x$label)) :
     no font could be found for family "Arial"
    Warning in grid.Call(C_stringMetric, as.graphicsAnnot(x$label)) :
     no font could be found for family "Arial"
    Warning in grid.Call(C_textBounds, as.graphicsAnnot(x$label), x$x, x$y, :
     no font could be found for family "Arial"
    Error in grid.Call(C_textBounds, as.graphicsAnnot(x$label), x$x, x$y, :
     polygon edge not found
    Calls: savePlot ... <Anonymous> -> widthDetails -> widthDetails.text -> grid.Call
    Execution halted
Flavor: r-release-macos-arm64