CRAN Package Check Results for Package AlphaSimR

Last updated on 2021-07-26 16:49:01 CEST.

Flavor Version Tinstall Tcheck Ttotal Status Flags
r-devel-linux-x86_64-debian-clang 1.0.1 283.36 83.51 366.87 OK
r-devel-linux-x86_64-debian-gcc 1.0.1 207.84 66.23 274.07 OK
r-devel-linux-x86_64-fedora-clang 1.0.1 536.90 NOTE
r-devel-linux-x86_64-fedora-gcc 1.0.1 494.84 OK
r-devel-windows-x86_64 1.0.1 335.00 142.00 477.00 OK
r-devel-windows-x86_64-gcc10-UCRT 1.0.1 OK
r-patched-linux-x86_64 1.0.1 238.96 81.55 320.51 OK
r-patched-solaris-x86 1.0.1 433.40 OK
r-release-linux-x86_64 1.0.1 230.96 85.11 316.07 OK
r-release-macos-arm64 1.0.1 NOTE
r-release-macos-x86_64 1.0.1 NOTE
r-release-windows-ix86+x86_64 1.0.1 649.00 145.00 794.00 NOTE
r-oldrel-macos-x86_64 1.0.1 NOTE
r-oldrel-windows-ix86+x86_64 1.0.1 463.00 146.00 609.00 NOTE

Check Details

Version: 1.0.1
Check: installed package size
Result: NOTE
     installed size is 17.4Mb
     sub-directories of 1Mb or more:
     libs 16.3Mb
Flavors: r-devel-linux-x86_64-fedora-clang, r-release-macos-arm64, r-release-macos-x86_64, r-release-windows-ix86+x86_64, r-oldrel-macos-x86_64, r-oldrel-windows-ix86+x86_64