CRAN Package Check Results for Package AmericanCallOpt

Last updated on 2021-08-05 16:48:58 CEST.

Flavor Version Tinstall Tcheck Ttotal Status Flags
r-devel-linux-x86_64-debian-clang 0.95 2.17 23.94 26.11 NOTE
r-devel-linux-x86_64-debian-gcc 0.95 1.66 18.50 20.16 NOTE
r-devel-linux-x86_64-fedora-clang 0.95 42.22 NOTE
r-devel-linux-x86_64-fedora-gcc 0.95 30.46 NOTE
r-devel-windows-x86_64 0.95 4.00 35.00 39.00 NOTE
r-devel-windows-x86_64-gcc10-UCRT 0.95 NOTE
r-patched-linux-x86_64 0.95 2.48 22.95 25.43 NOTE
r-patched-solaris-x86 0.95 46.70 NOTE
r-release-linux-x86_64 0.95 2.22 22.89 25.11 NOTE
r-release-macos-arm64 0.95 NOTE
r-release-macos-x86_64 0.95 NOTE
r-release-windows-ix86+x86_64 0.95 4.00 30.00 34.00 NOTE
r-oldrel-macos-x86_64 0.95 NOTE
r-oldrel-windows-ix86+x86_64 0.95 4.00 34.00 38.00 NOTE

Check Details

Version: 0.95
Check: DESCRIPTION meta-information
Result: NOTE
    Malformed Title field: should not end in a period.
Flavors: r-devel-linux-x86_64-debian-clang, r-devel-linux-x86_64-debian-gcc, r-devel-linux-x86_64-fedora-clang, r-devel-linux-x86_64-fedora-gcc, r-devel-windows-x86_64, r-devel-windows-x86_64-gcc10-UCRT, r-patched-linux-x86_64, r-patched-solaris-x86, r-release-linux-x86_64, r-release-macos-arm64, r-release-macos-x86_64, r-release-windows-ix86+x86_64, r-oldrel-macos-x86_64, r-oldrel-windows-ix86+x86_64