CRAN Package Check Results for Package AnimalAPD

Last updated on 2021-09-23 07:49:24 CEST.

Flavor Version Tinstall Tcheck Ttotal Status Flags
r-devel-linux-x86_64-debian-clang 1.0.0 21.99 166.19 188.18 OK
r-devel-linux-x86_64-debian-gcc 1.0.0 18.02 125.47 143.49 OK
r-devel-linux-x86_64-fedora-clang 1.0.0 234.32 OK
r-devel-linux-x86_64-fedora-gcc 1.0.0 221.63 OK
r-devel-windows-x86_64 1.0.0 23.00 143.00 166.00 OK
r-devel-windows-x86_64-gcc10-UCRT 1.0.0 ERROR
r-patched-linux-x86_64 1.0.0 27.27 161.07 188.34 OK
r-patched-solaris-x86 1.0.0 321.70 OK
r-release-linux-x86_64 1.0.0 22.26 158.39 180.65 OK
r-release-macos-arm64 1.0.0 OK
r-release-macos-x86_64 1.0.0 OK
r-release-windows-ix86+x86_64 1.0.0 57.00 203.00 260.00 OK
r-oldrel-macos-x86_64 1.0.0 OK
r-oldrel-windows-ix86+x86_64 1.0.0 38.00 143.00 181.00 OK

Additional issues

donttest

Check Details

Version: 1.0.0
Check: package dependencies
Result: ERROR
    Package required but not available: 'brms'
    
    See section 'The DESCRIPTION file' in the 'Writing R Extensions'
    manual.
Flavor: r-devel-windows-x86_64-gcc10-UCRT