CRAN Package Check Results for Package AnnoProbe

Last updated on 2024-06-15 16:48:58 CEST.

Flavor Version Tinstall Tcheck Ttotal Status Flags
r-devel-linux-x86_64-debian-clang 0.1.7 15.06 82.56 97.62 OK
r-devel-linux-x86_64-debian-gcc 0.1.7 14.26 61.58 75.84 OK
r-devel-linux-x86_64-fedora-clang 0.1.7 123.71 OK
r-devel-linux-x86_64-fedora-gcc 0.1.7 118.61 OK
r-devel-windows-x86_64 0.1.7 16.00 138.00 154.00 ERROR
r-patched-linux-x86_64 0.1.7 15.03 78.34 93.37 OK
r-release-linux-x86_64 0.1.7 15.78 79.68 95.46 OK
r-release-macos-arm64 0.1.7 42.00 OK
r-release-macos-x86_64 0.1.7 57.00 OK
r-release-windows-x86_64 0.1.7 18.00 86.00 104.00 OK
r-oldrel-macos-arm64 0.1.7 47.00 NOTE
r-oldrel-macos-x86_64 0.1.7 66.00 OK
r-oldrel-windows-x86_64 0.1.7 20.00 92.00 112.00 OK

Check Details

Version: 0.1.7
Check: examples
Result: ERROR Running examples in 'AnnoProbe-Ex.R' failed The error most likely occurred in: > ### Name: idmap > ### Title: Get Probe Annotation > ### Aliases: idmap > > ### ** Examples > > ids=idmap('GPL570',destdir=tempdir()) trying URL 'http://49.235.27.111/GEOmirror/GPL/GPL570_bioc.rda' Warning in download.file(paste0(up, down), dt, mode = "wb") : URL 'http://49.235.27.111/GEOmirror/GPL/GPL570_bioc.rda': Timeout of 60 seconds was reached Error in download.file(paste0(up, down), dt, mode = "wb") : cannot open URL 'http://49.235.27.111/GEOmirror/GPL/GPL570_bioc.rda' Calls: idmap -> download.file Execution halted Flavor: r-devel-windows-x86_64

Version: 0.1.7
Check: package dependencies
Result: NOTE Package suggested but not available for checking: ‘GEOquery’ Flavor: r-oldrel-macos-arm64