CRAN Package Check Results for Package AnnotationBustR

Last updated on 2024-06-13 06:57:54 CEST.

Flavor Version Tinstall Tcheck Ttotal Status Flags
r-devel-linux-x86_64-debian-clang 1.3.0 3.19 34.16 37.35 OK
r-devel-linux-x86_64-debian-gcc 1.3.0 2.70 23.70 26.40 ERROR
r-devel-linux-x86_64-fedora-clang 1.3.0 48.32 OK
r-devel-linux-x86_64-fedora-gcc 1.3.0 58.08 OK
r-devel-windows-x86_64 1.3.0 4.00 95.00 99.00 OK
r-patched-linux-x86_64 1.3.0 2.52 33.74 36.26 OK
r-release-linux-x86_64 1.3.0 2.24 33.47 35.71 OK
r-release-macos-arm64 1.3.0 97.00 OK
r-release-macos-x86_64 1.3.0 92.00 OK
r-release-windows-x86_64 1.3.0 4.00 116.00 120.00 OK
r-oldrel-macos-arm64 1.3.0 80.00 OK
r-oldrel-macos-x86_64 1.3.0 84.00 OK
r-oldrel-windows-x86_64 1.3.0 5.00 96.00 101.00 OK

Check Details

Version: 1.3.0
Check: package dependencies
Result: NOTE Package suggested but not available for checking: ‘testthat’ Flavor: r-devel-linux-x86_64-debian-gcc

Version: 1.3.0
Check: tests
Result: ERROR Running ‘testthat.R’ [0s/1s] Running the tests in ‘tests/testthat.R’ failed. Complete output: > library(testthat) Error in library(testthat) : there is no package called 'testthat' Execution halted Flavor: r-devel-linux-x86_64-debian-gcc