CRAN Package Check Results for Package AnthropMMD

Last updated on 2021-07-26 13:54:00 CEST.

Flavor Version Tinstall Tcheck Ttotal Status Flags
r-devel-linux-x86_64-debian-clang 3.1.0 14.91 135.08 149.99 OK
r-devel-linux-x86_64-debian-gcc 3.1.0 11.80 102.67 114.47 OK
r-devel-linux-x86_64-fedora-clang 3.1.0 184.39 OK
r-devel-linux-x86_64-fedora-gcc 3.1.0 171.13 OK
r-devel-windows-x86_64 3.1.0 6.00 10.00 16.00 ERROR
r-devel-windows-x86_64-gcc10-UCRT 3.1.0 OK
r-patched-linux-x86_64 3.1.0 13.57 126.74 140.31 OK
r-patched-solaris-x86 3.1.0 256.60 OK
r-release-linux-x86_64 3.1.0 13.30 130.23 143.53 OK
r-release-macos-arm64 3.1.0 OK
r-release-macos-x86_64 3.1.0 OK
r-release-windows-ix86+x86_64 3.1.0 38.00 125.00 163.00 OK
r-oldrel-macos-x86_64 3.1.0 OK
r-oldrel-windows-ix86+x86_64 3.1.0 5.00 24.00 29.00 ERROR

Check Details

Version: 3.1.0
Check: whether package can be installed
Result: ERROR
    Installation failed.
Flavors: r-devel-windows-x86_64, r-oldrel-windows-ix86+x86_64