CRAN Package Check Results for Package Anthropometry

Last updated on 2021-09-22 01:48:28 CEST.

Flavor Version Tinstall Tcheck Ttotal Status Flags
r-devel-linux-x86_64-debian-clang 1.15 13.73 139.26 152.99 OK
r-devel-linux-x86_64-debian-gcc 1.15 11.98 102.15 114.13 OK
r-devel-linux-x86_64-fedora-clang 1.15 186.18 OK
r-devel-linux-x86_64-fedora-gcc 1.15 173.70 OK
r-devel-windows-x86_64 1.15 15.00 120.00 135.00 OK
r-devel-windows-x86_64-gcc10-UCRT 1.15 ERROR
r-patched-linux-x86_64 1.15 19.93 132.65 152.58 OK
r-patched-solaris-x86 1.15 224.50 OK
r-release-linux-x86_64 1.15 13.78 131.39 145.17 OK
r-release-macos-arm64 1.15 OK
r-release-macos-x86_64 1.15 OK
r-release-windows-ix86+x86_64 1.15 31.00 222.00 253.00 OK
r-oldrel-macos-x86_64 1.15 OK
r-oldrel-windows-ix86+x86_64 1.15 35.00 211.00 246.00 OK

Check Details

Version: 1.15
Check: whether package can be installed
Result: ERROR
    Installation failed.
Flavor: r-devel-windows-x86_64-gcc10-UCRT