CRAN Package Check Results for Package ArchaeoChron

Last updated on 2021-07-29 01:49:07 CEST.

Flavor Version Tinstall Tcheck Ttotal Status Flags
r-devel-linux-x86_64-debian-clang 0.1 OK
r-devel-linux-x86_64-debian-gcc 0.1 6.20 83.37 89.57 OK
r-devel-linux-x86_64-fedora-clang 0.1 142.75 OK
r-devel-linux-x86_64-fedora-gcc 0.1 134.61 OK
r-devel-windows-x86_64 0.1 22.00 127.00 149.00 OK
r-devel-windows-x86_64-gcc10-UCRT 0.1 OK
r-patched-linux-x86_64 0.1 7.85 101.65 109.50 OK
r-patched-solaris-x86 0.1 269.40 OK
r-release-linux-x86_64 0.1 7.62 102.92 110.54 OK
r-release-macos-arm64 0.1 ERROR
r-release-macos-x86_64 0.1 OK
r-release-windows-ix86+x86_64 0.1 20.00 138.00 158.00 OK
r-oldrel-macos-x86_64 0.1 OK
r-oldrel-windows-ix86+x86_64 0.1 24.00 143.00 167.00 OK

Check Details

Version: 0.1
Check: package dependencies
Result: ERROR
    Package required but not available: ‘rjags’
    
    See section ‘The DESCRIPTION file’ in the ‘Writing R Extensions’
    manual.
Flavor: r-release-macos-arm64