CRAN Package Check Results for Package ArchaeoPhases

Last updated on 2021-10-20 01:48:35 CEST.

Flavor Version Tinstall Tcheck Ttotal Status Flags
r-devel-linux-x86_64-debian-clang 1.5 10.34 156.23 166.57 OK
r-devel-linux-x86_64-debian-gcc 1.5 8.58 119.16 127.74 OK
r-devel-linux-x86_64-fedora-clang 1.5 208.24 NOTE
r-devel-linux-x86_64-fedora-gcc 1.5 198.37 NOTE
r-devel-windows-x86_64 1.5 18.00 221.00 239.00 OK
r-devel-windows-x86_64-gcc10-UCRT 1.5 NOTE
r-patched-linux-x86_64 1.5 12.26 155.05 167.31 OK
r-patched-solaris-x86 1.5 242.70 NOTE
r-release-linux-x86_64 1.5 11.01 157.04 168.05 OK
r-release-macos-arm64 1.5 NOTE
r-release-macos-x86_64 1.5 NOTE
r-release-windows-ix86+x86_64 1.5 27.00 215.00 242.00 OK
r-oldrel-macos-x86_64 1.5 NOTE
r-oldrel-windows-ix86+x86_64 1.5 25.00 212.00 237.00 OK

Check Details

Version: 1.5
Check: dependencies in R code
Result: NOTE
    Namespaces in Imports field not imported from:
     ‘DT’ ‘ggthemes’ ‘shinythemes’ ‘tibble’
     All declared Imports should be used.
Flavors: r-devel-linux-x86_64-fedora-clang, r-devel-linux-x86_64-fedora-gcc, r-devel-windows-x86_64-gcc10-UCRT, r-patched-solaris-x86, r-release-macos-arm64, r-release-macos-x86_64, r-oldrel-macos-x86_64

Version: 1.5
Check: installed package size
Result: NOTE
     installed size is 5.0Mb
     sub-directories of 1Mb or more:
     doc 3.4Mb
Flavor: r-patched-solaris-x86