CRAN Package Check Results for Package AurieLSHGaussian

Last updated on 2021-12-02 09:55:01 CET.

Flavor Version Tinstall Tcheck Ttotal Status Flags
r-devel-linux-x86_64-debian-clang 0.2.0 4.86 44.02 48.88 NOTE
r-devel-linux-x86_64-debian-gcc 0.2.0 3.39 34.38 37.77 NOTE
r-devel-linux-x86_64-fedora-clang 0.2.0 69.55 NOTE
r-devel-linux-x86_64-fedora-gcc 0.2.0 61.53 NOTE
r-devel-windows-x86_64-new-UL 0.2.0 9.00 95.00 104.00 NOTE
r-devel-windows-x86_64-new-TK 0.2.0 NOTE
r-devel-windows-x86_64-old 0.2.0 8.00 49.00 57.00 NOTE
r-patched-linux-x86_64 0.2.0 4.15 41.31 45.46 NOTE
r-patched-solaris-x86 0.2.0 92.40 NOTE
r-release-linux-x86_64 0.2.0 4.12 42.60 46.72 NOTE
r-release-macos-arm64 0.2.0 NOTE
r-release-macos-x86_64 0.2.0 NOTE
r-release-windows-ix86+x86_64 0.2.0 11.00 70.00 81.00 NOTE
r-oldrel-macos-x86_64 0.2.0 OK
r-oldrel-windows-ix86+x86_64 0.2.0 12.00 67.00 79.00 OK

Check Details

Version: 0.2.0
Check: LazyData
Result: NOTE
     'LazyData' is specified without a 'data' directory
Flavors: r-devel-linux-x86_64-debian-clang, r-devel-linux-x86_64-debian-gcc, r-devel-linux-x86_64-fedora-clang, r-devel-linux-x86_64-fedora-gcc, r-devel-windows-x86_64-new-UL, r-devel-windows-x86_64-new-TK, r-devel-windows-x86_64-old, r-patched-linux-x86_64, r-patched-solaris-x86, r-release-linux-x86_64, r-release-macos-arm64, r-release-macos-x86_64, r-release-windows-ix86+x86_64