CRAN Package Check Results for Package AutoPlots

Last updated on 2024-06-13 06:57:54 CEST.

Flavor Version Tinstall Tcheck Ttotal Status Flags
r-devel-linux-x86_64-debian-clang 1.0.0 18.12 134.13 152.25 OK
r-devel-linux-x86_64-debian-gcc 1.0.0 0.55 1.75 2.30 ERROR
r-devel-linux-x86_64-fedora-clang 1.0.0 182.44 OK
r-devel-linux-x86_64-fedora-gcc 1.0.0 167.87 OK
r-devel-windows-x86_64 1.0.0 14.00 113.00 127.00 OK
r-patched-linux-x86_64 1.0.0 11.53 131.19 142.72 OK
r-release-linux-x86_64 1.0.0 11.00 126.92 137.92 OK
r-release-macos-arm64 1.0.0 44.00 OK
r-release-macos-x86_64 1.0.0 83.00 OK
r-release-windows-x86_64 1.0.0 16.00 118.00 134.00 OK
r-oldrel-macos-arm64 1.0.0 48.00 OK
r-oldrel-macos-x86_64 1.0.0 106.00 OK
r-oldrel-windows-x86_64 1.0.0 18.00 137.00 155.00 OK

Check Details

Version: 1.0.0
Check: package dependencies
Result: ERROR Packages required but not available: 'dplyr', 'echarts4r', 'lubridate' See section ‘The DESCRIPTION file’ in the ‘Writing R Extensions’ manual. Flavor: r-devel-linux-x86_64-debian-gcc