CRAN Package Check Results for Package AutoScore

Last updated on 2022-01-24 06:48:44 CET.

Flavor Version Tinstall Tcheck Ttotal Status Flags
r-devel-linux-x86_64-debian-clang 0.2.0 10.12 203.23 213.35 OK
r-devel-linux-x86_64-debian-gcc 0.2.0 8.81 149.73 158.54 OK
r-devel-linux-x86_64-fedora-clang 0.2.0 257.36 OK
r-devel-linux-x86_64-fedora-gcc 0.2.0 256.11 OK
r-devel-windows-x86_64-new-UL 0.2.0 43.00 228.00 271.00 OK
r-devel-windows-x86_64-new-TK 0.2.0 WARN
r-patched-linux-x86_64 0.2.0 7.75 194.46 202.21 OK
r-release-linux-x86_64 0.2.0 8.11 195.93 204.04 OK
r-release-macos-arm64 0.2.0 OK
r-release-macos-x86_64 0.2.0 OK
r-release-windows-ix86+x86_64 0.2.0 27.00 231.00 258.00 OK
r-oldrel-macos-x86_64 0.2.0 OK
r-oldrel-windows-ix86+x86_64 0.2.0 27.00 236.00 263.00 OK

Check Details

Version: 0.2.0
Check: files in ‘vignettes’
Result: WARN
    Files in the 'vignettes' directory newer than all files in 'inst/doc':
     'Figure1.png'
Flavor: r-devel-windows-x86_64-new-TK