CRAN Package Check Results for Package AutoStepwiseGLM

Last updated on 2024-06-24 22:57:08 CEST.

Flavor Version Tinstall Tcheck Ttotal Status Flags
r-devel-linux-x86_64-debian-clang 0.2.0 17.64 127.52 145.16 NOTE
r-devel-linux-x86_64-debian-gcc 0.2.0 12.47 94.50 106.97 NOTE
r-devel-linux-x86_64-fedora-clang 0.2.0 178.34 NOTE
r-devel-linux-x86_64-fedora-gcc 0.2.0 166.73 NOTE
r-devel-windows-x86_64 0.2.0 13.00 100.00 113.00 NOTE
r-patched-linux-x86_64 0.2.0 14.98 119.45 134.43 NOTE
r-release-linux-x86_64 0.2.0 10.92 122.05 132.97 NOTE
r-release-macos-arm64 0.2.0 50.00 NOTE
r-release-macos-x86_64 0.2.0 75.00 NOTE
r-release-windows-x86_64 0.2.0 13.00 99.00 112.00 NOTE
r-oldrel-macos-arm64 0.2.0 50.00 NOTE
r-oldrel-macos-x86_64 0.2.0 89.00 NOTE
r-oldrel-windows-x86_64 0.2.0 18.00 125.00 143.00 NOTE

Check Details

Version: 0.2.0
Check: LazyData
Result: NOTE 'LazyData' is specified without a 'data' directory Flavors: r-devel-linux-x86_64-debian-clang, r-devel-linux-x86_64-debian-gcc, r-devel-linux-x86_64-fedora-clang, r-devel-linux-x86_64-fedora-gcc, r-devel-windows-x86_64, r-patched-linux-x86_64, r-release-linux-x86_64, r-release-macos-arm64, r-release-macos-x86_64, r-release-windows-x86_64, r-oldrel-macos-arm64, r-oldrel-macos-x86_64, r-oldrel-windows-x86_64