CRAN Package Check Results for Package AutoStepwiseGLM

Last updated on 2021-09-18 22:52:55 CEST.

Flavor Version Tinstall Tcheck Ttotal Status Flags
r-devel-linux-x86_64-debian-clang 0.2.0 13.09 121.13 134.22 NOTE
r-devel-linux-x86_64-debian-gcc 0.2.0 11.93 92.62 104.55 NOTE
r-devel-linux-x86_64-fedora-clang 0.2.0 169.24 NOTE
r-devel-linux-x86_64-fedora-gcc 0.2.0 153.83 NOTE
r-devel-windows-x86_64 0.2.0 17.00 119.00 136.00 NOTE
r-devel-windows-x86_64-gcc10-UCRT 0.2.0 NOTE
r-patched-linux-x86_64 0.2.0 14.32 115.65 129.97 NOTE
r-patched-solaris-x86 0.2.0 232.90 NOTE
r-release-linux-x86_64 0.2.0 12.77 115.19 127.96 NOTE
r-release-macos-arm64 0.2.0 NOTE
r-release-macos-x86_64 0.2.0 NOTE
r-release-windows-ix86+x86_64 0.2.0 32.00 141.00 173.00 NOTE
r-oldrel-macos-x86_64 0.2.0 OK
r-oldrel-windows-ix86+x86_64 0.2.0 35.00 109.00 144.00 OK

Check Details

Version: 0.2.0
Check: LazyData
Result: NOTE
     'LazyData' is specified without a 'data' directory
Flavors: r-devel-linux-x86_64-debian-clang, r-devel-linux-x86_64-debian-gcc, r-devel-linux-x86_64-fedora-clang, r-devel-linux-x86_64-fedora-gcc, r-devel-windows-x86_64, r-devel-windows-x86_64-gcc10-UCRT, r-patched-linux-x86_64, r-patched-solaris-x86, r-release-linux-x86_64, r-release-macos-arm64, r-release-macos-x86_64, r-release-windows-ix86+x86_64