CRAN Package Check Results for Package AzureContainers

Last updated on 2021-10-17 22:48:27 CEST.

Flavor Version Tinstall Tcheck Ttotal Status Flags
r-devel-linux-x86_64-debian-clang 1.3.2 6.79 33.25 40.04 OK
r-devel-linux-x86_64-debian-gcc 1.3.2 6.34 26.24 32.58 OK
r-devel-linux-x86_64-fedora-clang 1.3.2 61.38 NOTE
r-devel-linux-x86_64-fedora-gcc 1.3.2 49.34 NOTE
r-devel-windows-x86_64 1.3.2 13.00 63.00 76.00 OK
r-devel-windows-x86_64-gcc10-UCRT 1.3.2 NOTE
r-patched-linux-x86_64 1.3.2 11.60 33.12 44.72 OK
r-patched-solaris-x86 1.3.2 72.40 NOTE
r-release-linux-x86_64 1.3.2 6.55 33.95 40.50 OK
r-release-macos-arm64 1.3.2 NOTE
r-release-macos-x86_64 1.3.2 NOTE
r-release-windows-ix86+x86_64 1.3.2 19.00 57.00 76.00 OK
r-oldrel-macos-x86_64 1.3.2 NOTE
r-oldrel-windows-ix86+x86_64 1.3.2 13.00 54.00 67.00 OK

Check Details

Version: 1.3.2
Check: dependencies in R code
Result: NOTE
    Namespace in Imports field not imported from: ‘openssl’
     All declared Imports should be used.
Flavors: r-devel-linux-x86_64-fedora-clang, r-devel-linux-x86_64-fedora-gcc, r-devel-windows-x86_64-gcc10-UCRT, r-patched-solaris-x86, r-release-macos-arm64, r-release-macos-x86_64, r-oldrel-macos-x86_64

Version: 1.3.2
Check: Rd cross-references
Result: NOTE
    Undeclared package ‘AzureAuth’ in Rd xrefs
Flavor: r-devel-linux-x86_64-fedora-clang