CRAN Package Check Results for Package BASiNET

Last updated on 2021-08-01 10:51:03 CEST.

Flavor Version Tinstall Tcheck Ttotal Status Flags
r-devel-linux-x86_64-debian-clang 0.0.4 20.13 209.40 229.53 NOTE
r-devel-linux-x86_64-debian-gcc 0.0.4 17.87 161.70 179.57 NOTE
r-devel-linux-x86_64-fedora-clang 0.0.4 300.28 NOTE
r-devel-linux-x86_64-fedora-gcc 0.0.4 281.96 NOTE
r-devel-windows-x86_64 0.0.4 20.00 186.00 206.00 NOTE
r-devel-windows-x86_64-gcc10-UCRT 0.0.4 NOTE
r-patched-linux-x86_64 0.0.4 NOTE
r-release-linux-x86_64 0.0.4 20.71 203.79 224.50 NOTE
r-release-macos-arm64 0.0.4 ERROR
r-release-macos-x86_64 0.0.4 NOTE
r-release-windows-ix86+x86_64 0.0.4 47.00 204.00 251.00 NOTE
r-oldrel-macos-x86_64 0.0.4 OK
r-oldrel-windows-ix86+x86_64 0.0.4 29.00 211.00 240.00 OK

Check Details

Version: 0.0.4
Check: LazyData
Result: NOTE
     'LazyData' is specified without a 'data' directory
Flavors: r-devel-linux-x86_64-debian-clang, r-devel-linux-x86_64-debian-gcc, r-devel-linux-x86_64-fedora-clang, r-devel-linux-x86_64-fedora-gcc, r-devel-windows-x86_64, r-devel-windows-x86_64-gcc10-UCRT, r-patched-linux-x86_64, r-release-linux-x86_64, r-release-macos-x86_64, r-release-windows-ix86+x86_64

Version: 0.0.4
Check: whether package can be installed
Result: ERROR
    Installation failed.
Flavor: r-release-macos-arm64