CRAN Package Check Results for Package BAwiR

Last updated on 2021-09-22 04:54:45 CEST.

Flavor Version Tinstall Tcheck Ttotal Status Flags
r-devel-linux-x86_64-debian-clang 1.2.7 16.13 138.64 154.77 OK
r-devel-linux-x86_64-debian-gcc 1.2.7 13.24 104.05 117.29 OK
r-devel-linux-x86_64-fedora-clang 1.2.7 187.72 OK
r-devel-linux-x86_64-fedora-gcc 1.2.7 176.06 OK
r-devel-windows-x86_64 1.2.7 21.00 145.00 166.00 OK
r-devel-windows-x86_64-gcc10-UCRT 1.2.7 ERROR
r-patched-linux-x86_64 1.2.7 16.75 129.00 145.75 OK
r-patched-solaris-x86 1.2.7 241.60 OK
r-release-linux-x86_64 1.2.7 14.29 128.90 143.19 OK
r-release-macos-arm64 1.2.7 OK
r-release-macos-x86_64 1.2.7 OK
r-release-windows-ix86+x86_64 1.2.7 48.00 200.00 248.00 OK
r-oldrel-macos-x86_64 1.2.7 OK
r-oldrel-windows-ix86+x86_64 1.2.7 47.00 190.00 237.00 OK

Check Details

Version: 1.2.7
Check: package dependencies
Result: ERROR
    Packages required but not available: 'Anthropometry', 'rvest', 'xml2'
    
    See section 'The DESCRIPTION file' in the 'Writing R Extensions'
    manual.
Flavor: r-devel-windows-x86_64-gcc10-UCRT