CRAN Package Check Results for Package BHH2

Last updated on 2021-12-02 09:55:02 CET.

Flavor Version Tinstall Tcheck Ttotal Status Flags
r-devel-linux-x86_64-debian-clang 2016.05.31 2.95 34.36 37.31 OK
r-devel-linux-x86_64-debian-gcc 2016.05.31 2.24 26.95 29.19 OK
r-devel-linux-x86_64-fedora-clang 2016.05.31 57.58 NOTE
r-devel-linux-x86_64-fedora-gcc 2016.05.31 48.23 OK
r-devel-windows-x86_64-new-UL 2016.05.31 8.00 97.00 105.00 OK
r-devel-windows-x86_64-new-TK 2016.05.31 OK
r-devel-windows-x86_64-old 2016.05.31 6.00 43.00 49.00 OK
r-patched-linux-x86_64 2016.05.31 3.32 33.06 36.38 OK
r-patched-solaris-x86 2016.05.31 67.30 OK
r-release-linux-x86_64 2016.05.31 2.88 33.34 36.22 OK
r-release-macos-arm64 2016.05.31 OK
r-release-macos-x86_64 2016.05.31 OK
r-release-windows-ix86+x86_64 2016.05.31 6.00 59.00 65.00 OK
r-oldrel-macos-x86_64 2016.05.31 OK
r-oldrel-windows-ix86+x86_64 2016.05.31 6.00 59.00 65.00 OK

Check Details

Version: 2016.05.31
Check: Rd cross-references
Result: NOTE
    Undeclared package ‘conf.design’ in Rd xrefs
Flavor: r-devel-linux-x86_64-fedora-clang