CRAN Package Check Results for Package BIFIEsurvey

Last updated on 2025-04-17 22:48:48 CEST.

Flavor Version Tinstall Tcheck Ttotal Status Flags
r-devel-linux-x86_64-debian-clang 3.6-6 125.66 125.51 251.17 OK
r-devel-linux-x86_64-debian-gcc 3.6-6 88.99 86.13 175.12 OK
r-devel-linux-x86_64-fedora-clang 3.6-6 489.04 OK
r-devel-linux-x86_64-fedora-gcc 3.6-6 469.24 OK
r-devel-windows-x86_64 3.6-6 127.00 161.00 288.00 OK
r-patched-linux-x86_64 3.6-6 121.28 120.18 241.46 OK
r-release-linux-x86_64 3.6-6 120.26 119.21 239.47 OK
r-release-macos-arm64 3.6-6 103.00 OK
r-release-macos-x86_64 3.6-6 142.00 OK
r-release-windows-x86_64 3.6-6 129.00 156.00 285.00 OK
r-oldrel-macos-arm64 3.6-6 64.00 NOTE
r-oldrel-macos-x86_64 3.6-6 128.00 NOTE
r-oldrel-windows-x86_64 3.6-6 154.00 187.00 341.00 OK

Check Details

Version: 3.6-6
Check: installed package size
Result: NOTE installed size is 9.6Mb sub-directories of 1Mb or more: data 1.4Mb libs 7.7Mb Flavors: r-oldrel-macos-arm64, r-oldrel-macos-x86_64