CRAN Package Check Results for Package BIGL

Last updated on 2021-10-19 04:51:45 CEST.

Flavor Version Tinstall Tcheck Ttotal Status Flags
r-devel-linux-x86_64-debian-clang 1.6.4 9.42 296.16 305.58 OK
r-devel-linux-x86_64-debian-gcc 1.6.4 7.74 204.60 212.34 OK
r-devel-linux-x86_64-fedora-clang 1.6.4 356.45 ERROR
r-devel-linux-x86_64-fedora-gcc 1.6.4 350.81 OK
r-devel-windows-x86_64 1.6.4 17.00 353.00 370.00 OK
r-devel-windows-x86_64-gcc10-UCRT 1.6.4 OK
r-patched-linux-x86_64 1.6.4 10.97 274.24 285.21 OK
r-patched-solaris-x86 1.6.4 286.40 OK
r-release-linux-x86_64 1.6.4 9.25 280.19 289.44 OK
r-release-macos-arm64 1.6.4 OK
r-release-macos-x86_64 1.6.4 OK
r-release-windows-ix86+x86_64 1.6.4 21.00 346.00 367.00 OK
r-oldrel-macos-x86_64 1.6.4 OK
r-oldrel-windows-ix86+x86_64 1.6.4 21.00 340.00 361.00 OK

Check Details

Version: 1.6.4
Check: tests
Result: ERROR
     Running ‘testthat.R’ [107s/135s]
    Running the tests in ‘tests/testthat.R’ failed.
    Complete output:
     > library(testthat)
     > library(BIGL)
     >
     > test_check("BIGL")
     ══ Skipped tests ═══════════════════════════════════════════════════════════════
     • On CRAN (5)
    
     ══ Failed tests ════════════════════════════════════════════════════════════════
     ── Failure (test_calls.R:9:3): calls ───────────────────────────────────────────
     rs$maxR$Call not equal to "Syn".
     1/1 mismatches
     x[1]: "None"
     y[1]: "Syn"
    
     [ FAIL 1 | WARN 0 | SKIP 5 | PASS 157 ]
     Error: Test failures
     Execution halted
Flavor: r-devel-linux-x86_64-fedora-clang